CRAN Package Check Results for Package WRI

Last updated on 2022-06-25 00:51:03 CEST.

Flavor Version Tinstall Tcheck Ttotal Status Flags
r-devel-linux-x86_64-debian-clang 0.1.0 60.40 99.09 159.49 OK
r-devel-linux-x86_64-debian-gcc 0.1.0 43.84 73.47 117.31 OK
r-devel-linux-x86_64-fedora-clang 0.1.0 234.09 NOTE
r-devel-linux-x86_64-fedora-gcc 0.1.0 202.20 NOTE
r-devel-windows-x86_64 0.1.0 53.00 146.00 199.00 OK
r-patched-linux-x86_64 0.1.0 49.05 92.84 141.89 OK
r-release-linux-x86_64 0.1.0 40.28 94.30 134.58 OK
r-release-macos-arm64 0.1.0 62.00 NOTE
r-release-macos-x86_64 0.1.0 97.00 NOTE
r-release-windows-x86_64 0.1.0 56.00 145.00 201.00 OK
r-oldrel-macos-arm64 0.1.0 75.00 NOTE
r-oldrel-macos-x86_64 0.1.0 105.00 NOTE
r-oldrel-windows-ix86+x86_64 0.1.0 146.00 170.00 316.00 OK

Check Details

Version: 0.1.0
Check: dependencies in R code
Result: NOTE
    Namespaces in Imports field not imported from:
     ‘fdadensity’ ‘locfit’ ‘locpol’ ‘modeest’
     All declared Imports should be used.
Flavors: r-devel-linux-x86_64-fedora-clang, r-devel-linux-x86_64-fedora-gcc, r-release-macos-arm64, r-release-macos-x86_64, r-oldrel-macos-arm64, r-oldrel-macos-x86_64