CRAN Package Check Results for Package WaveletANN

Last updated on 2021-04-11 21:48:54 CEST.

Flavor Version Tinstall Tcheck Ttotal Status Flags
r-devel-linux-x86_64-debian-clang 0.1.0 5.81 62.51 68.32 NOTE
r-devel-linux-x86_64-debian-gcc 0.1.0 4.03 46.41 50.44 NOTE
r-devel-linux-x86_64-fedora-clang 0.1.0 88.07 NOTE
r-devel-linux-x86_64-fedora-gcc 0.1.0 76.81 NOTE
r-devel-windows-ix86+x86_64 0.1.0 18.00 83.00 101.00 NOTE
r-devel-windows-x86_64-gcc10-UCRT 0.1.0 NOTE
r-patched-linux-x86_64 0.1.0 5.53 57.10 62.63 OK
r-patched-solaris-x86 0.1.0 122.90 OK
r-release-linux-x86_64 0.1.0 5.32 56.71 62.03 OK
r-release-macos-x86_64 0.1.0 OK
r-release-windows-ix86+x86_64 0.1.0 29.00 83.00 112.00 OK
r-oldrel-macos-x86_64 0.1.0 OK
r-oldrel-windows-ix86+x86_64 0.1.0 10.00 54.00 64.00 OK

Check Details

Version: 0.1.0
Check: LazyData
Result: NOTE
     'LazyData' is specified without a 'data' directory
Flavors: r-devel-linux-x86_64-debian-clang, r-devel-linux-x86_64-debian-gcc, r-devel-linux-x86_64-fedora-clang, r-devel-linux-x86_64-fedora-gcc, r-devel-windows-ix86+x86_64, r-devel-windows-x86_64-gcc10-UCRT