CRAN Package Check Results for Package WaveletArima

Last updated on 2021-04-10 14:48:14 CEST.

Flavor Version Tinstall Tcheck Ttotal Status Flags
r-devel-linux-x86_64-debian-clang 0.1.1 5.77 63.13 68.90 NOTE
r-devel-linux-x86_64-debian-gcc 0.1.1 4.69 46.94 51.63 NOTE
r-devel-linux-x86_64-fedora-clang 0.1.1 86.38 NOTE
r-devel-linux-x86_64-fedora-gcc 0.1.1 76.29 NOTE
r-devel-windows-ix86+x86_64 0.1.1 12.00 63.00 75.00 NOTE
r-devel-windows-x86_64-gcc10-UCRT 0.1.1 NOTE
r-patched-linux-x86_64 0.1.1 5.36 58.51 63.87 OK
r-patched-solaris-x86 0.1.1 121.90 OK
r-release-linux-x86_64 0.1.1 6.03 57.56 63.59 OK
r-release-macos-x86_64 0.1.1 OK
r-release-windows-ix86+x86_64 0.1.1 28.00 86.00 114.00 OK
r-oldrel-macos-x86_64 0.1.1 OK
r-oldrel-windows-ix86+x86_64 0.1.1 14.00 77.00 91.00 OK

Check Details

Version: 0.1.1
Check: LazyData
Result: NOTE
     'LazyData' is specified without a 'data' directory
Flavors: r-devel-linux-x86_64-debian-clang, r-devel-linux-x86_64-debian-gcc, r-devel-linux-x86_64-fedora-clang, r-devel-linux-x86_64-fedora-gcc, r-devel-windows-ix86+x86_64, r-devel-windows-x86_64-gcc10-UCRT