CRAN Package Check Results for Package WaveletGARCH

Last updated on 2021-04-10 15:48:01 CEST.

Flavor Version Tinstall Tcheck Ttotal Status Flags
r-devel-linux-x86_64-debian-clang 0.1.1 11.57 115.49 127.06 NOTE
r-devel-linux-x86_64-debian-gcc 0.1.1 9.68 85.70 95.38 NOTE
r-devel-linux-x86_64-fedora-clang 0.1.1 154.71 NOTE
r-devel-linux-x86_64-fedora-gcc 0.1.1 146.24 NOTE
r-devel-windows-ix86+x86_64 0.1.1 23.00 102.00 125.00 NOTE
r-devel-windows-x86_64-gcc10-UCRT 0.1.1 NOTE
r-patched-linux-x86_64 0.1.1 12.12 104.99 117.11 OK
r-patched-solaris-x86 0.1.1 221.20 OK
r-release-linux-x86_64 0.1.1 10.44 105.00 115.44 OK
r-release-macos-x86_64 0.1.1 OK
r-release-windows-ix86+x86_64 0.1.1 38.00 137.00 175.00 OK
r-oldrel-macos-x86_64 0.1.1 OK
r-oldrel-windows-ix86+x86_64 0.1.1 26.00 128.00 154.00 OK

Check Details

Version: 0.1.1
Check: LazyData
Result: NOTE
     'LazyData' is specified without a 'data' directory
Flavors: r-devel-linux-x86_64-debian-clang, r-devel-linux-x86_64-debian-gcc, r-devel-linux-x86_64-fedora-clang, r-devel-linux-x86_64-fedora-gcc, r-devel-windows-ix86+x86_64, r-devel-windows-x86_64-gcc10-UCRT