CRAN Package Check Results for Package WaverR

Last updated on 2019-09-19 08:51:10 CEST.

Flavor Version Tinstall Tcheck Ttotal Status Flags
r-devel-linux-x86_64-debian-clang 1.0 1.78 22.41 24.19 NOTE
r-devel-linux-x86_64-debian-gcc 1.0 1.58 17.50 19.08 NOTE
r-devel-linux-x86_64-fedora-clang 1.0 29.90 NOTE
r-devel-linux-x86_64-fedora-gcc 1.0 29.39 NOTE
r-devel-windows-ix86+x86_64 1.0 10.00 34.00 44.00 OK
r-patched-linux-x86_64 1.0 1.70 22.51 24.21 OK
r-patched-solaris-x86 1.0 44.40 OK
r-release-linux-x86_64 1.0 1.59 22.25 23.84 OK
r-release-windows-ix86+x86_64 1.0 5.00 46.00 51.00 OK
r-release-osx-x86_64 1.0 OK
r-oldrel-windows-ix86+x86_64 1.0 3.00 36.00 39.00 OK
r-oldrel-osx-x86_64 1.0 OK

Check Details

Version: 1.0
Check: for non-standard things in the check directory
Result: NOTE
    Found the following files/directories:
     'ReconstructedData.txt' 'ReconstructedDataStDev.txt'
     'ResampledReconstructions.txt'
     'ResampledReconstructionsStandardVariation.txt'
Flavors: r-devel-linux-x86_64-debian-clang, r-devel-linux-x86_64-debian-gcc, r-devel-linux-x86_64-fedora-clang, r-devel-linux-x86_64-fedora-gcc