CRAN Package Check Results for Package WeightIt

Last updated on 2022-10-07 16:50:00 CEST.

Flavor Version Tinstall Tcheck Ttotal Status Flags
r-devel-linux-x86_64-debian-clang 0.13.1 18.23 203.21 221.44 NOTE
r-devel-linux-x86_64-debian-gcc 0.13.1 11.92 145.59 157.51 NOTE
r-devel-linux-x86_64-fedora-clang 0.13.1 279.52 NOTE
r-devel-linux-x86_64-fedora-gcc 0.13.1 270.39 NOTE
r-devel-windows-x86_64 0.13.1 66.00 219.00 285.00 OK
r-patched-linux-x86_64 0.13.1 19.26 188.44 207.70 NOTE
r-release-linux-x86_64 0.13.1 16.36 184.40 200.76 NOTE
r-release-macos-arm64 0.13.1 76.00 NOTE
r-release-macos-x86_64 0.13.1 88.00 OK
r-release-windows-x86_64 0.13.1 45.00 218.00 263.00 OK
r-oldrel-macos-arm64 0.13.1 64.00 OK
r-oldrel-macos-x86_64 0.13.1 87.00 OK
r-oldrel-windows-ix86+x86_64 0.13.1 31.00 213.00 244.00 ERROR

Check Details

Version: 0.13.1
Check: package dependencies
Result: NOTE
    Package suggested but not available for checking: 'ATE'
Flavors: r-devel-linux-x86_64-debian-clang, r-devel-linux-x86_64-debian-gcc, r-devel-linux-x86_64-fedora-clang, r-devel-linux-x86_64-fedora-gcc, r-patched-linux-x86_64, r-release-linux-x86_64

Version: 0.13.1
Check: Rd cross-references
Result: NOTE
    Unknown package 'ATE' in Rd xrefs
Flavors: r-devel-linux-x86_64-debian-clang, r-devel-linux-x86_64-debian-gcc, r-devel-linux-x86_64-fedora-clang, r-devel-linux-x86_64-fedora-gcc, r-patched-linux-x86_64, r-release-linux-x86_64

Version: 0.13.1
Check: package dependencies
Result: NOTE
    Package suggested but not available for checking: ‘dbarts’
Flavor: r-release-macos-arm64

Version: 0.13.1
Check: Rd cross-references
Result: NOTE
    Package unavailable to check Rd xrefs: ‘dbarts’
Flavor: r-release-macos-arm64

Version: 0.13.1
Check: PDF version of manual
Result: WARN
    LaTeX errors when creating PDF version.
    This typically indicates Rd problems.
    LaTeX errors found:
    ! Package inputenc Error: Unicode char â<c2><80><c2><90> (U+2010)
    (inputenc) not set up for use with LaTeX.
    
    See the inputenc package documentation for explanation.
    Type H <return> for immediate help.
Flavor: r-oldrel-windows-ix86+x86_64

Version: 0.13.1
Check: PDF version of manual without hyperrefs or index
Result: ERROR
Flavor: r-oldrel-windows-ix86+x86_64