CRAN Package Check Results for Package WikidataQueryServiceR

Last updated on 2022-06-25 03:51:14 CEST.

Flavor Version Tinstall Tcheck Ttotal Status Flags
r-devel-linux-x86_64-debian-clang 1.0.0 2.01 27.68 29.69 NOTE
r-devel-linux-x86_64-debian-gcc 1.0.0 1.82 21.36 23.18 NOTE
r-devel-linux-x86_64-fedora-clang 1.0.0 48.41 NOTE
r-devel-linux-x86_64-fedora-gcc 1.0.0 45.37 NOTE
r-devel-windows-x86_64 1.0.0 41.00 58.00 99.00 NOTE
r-patched-linux-x86_64 1.0.0 2.14 26.79 28.93 NOTE
r-release-linux-x86_64 1.0.0 2.08 26.42 28.50 NOTE
r-release-macos-arm64 1.0.0 21.00 NOTE
r-release-macos-x86_64 1.0.0 32.00 NOTE
r-release-windows-x86_64 1.0.0 43.00 135.00 178.00 NOTE
r-oldrel-macos-arm64 1.0.0 24.00 NOTE
r-oldrel-macos-x86_64 1.0.0 33.00 NOTE
r-oldrel-windows-ix86+x86_64 1.0.0 6.00 50.00 56.00 NOTE

Check Details

Version: 1.0.0
Check: LazyData
Result: NOTE
     'LazyData' is specified without a 'data' directory
Flavors: r-devel-linux-x86_64-debian-clang, r-devel-linux-x86_64-debian-gcc, r-devel-linux-x86_64-fedora-clang, r-devel-linux-x86_64-fedora-gcc, r-devel-windows-x86_64, r-patched-linux-x86_64, r-release-linux-x86_64, r-release-macos-arm64, r-release-macos-x86_64, r-release-windows-x86_64, r-oldrel-macos-arm64, r-oldrel-macos-x86_64, r-oldrel-windows-ix86+x86_64