CRAN Package Check Results for Package WikidataQueryServiceR

Last updated on 2022-10-02 04:50:11 CEST.

Flavor Version Tinstall Tcheck Ttotal Status Flags
r-devel-linux-x86_64-debian-clang 1.0.0 2.16 27.98 30.14 NOTE
r-devel-linux-x86_64-debian-gcc 1.0.0 1.89 21.93 23.82 NOTE
r-devel-linux-x86_64-fedora-clang 1.0.0 50.38 NOTE
r-devel-linux-x86_64-fedora-gcc 1.0.0 48.72 NOTE
r-devel-windows-x86_64 1.0.0 49.00 55.00 104.00 NOTE
r-patched-linux-x86_64 1.0.0 2.43 26.87 29.30 NOTE
r-release-linux-x86_64 1.0.0 2.40 27.12 29.52 NOTE
r-release-macos-arm64 1.0.0 21.00 NOTE
r-release-macos-x86_64 1.0.0 32.00 NOTE
r-release-windows-x86_64 1.0.0 51.00 53.00 104.00 NOTE
r-oldrel-macos-arm64 1.0.0 24.00 NOTE
r-oldrel-macos-x86_64 1.0.0 33.00 NOTE
r-oldrel-windows-ix86+x86_64 1.0.0 7.00 54.00 61.00 NOTE

Check Details

Version: 1.0.0
Check: LazyData
Result: NOTE
     'LazyData' is specified without a 'data' directory
Flavors: r-devel-linux-x86_64-debian-clang, r-devel-linux-x86_64-debian-gcc, r-devel-linux-x86_64-fedora-clang, r-devel-linux-x86_64-fedora-gcc, r-devel-windows-x86_64, r-patched-linux-x86_64, r-release-linux-x86_64, r-release-macos-arm64, r-release-macos-x86_64, r-release-windows-x86_64, r-oldrel-macos-arm64, r-oldrel-macos-x86_64, r-oldrel-windows-ix86+x86_64