CRAN Package Check Results for Package WikidataR

Last updated on 2019-09-17 17:49:08 CEST.

Flavor Version Tinstall Tcheck Ttotal Status Flags
r-devel-linux-x86_64-debian-clang 1.4.0 2.28 43.16 45.44 OK
r-devel-linux-x86_64-debian-gcc 1.4.0 1.79 33.70 35.49 OK
r-devel-linux-x86_64-fedora-clang 1.4.0 55.32 NOTE
r-devel-linux-x86_64-fedora-gcc 1.4.0 54.21 NOTE
r-devel-windows-ix86+x86_64 1.4.0 8.00 78.00 86.00 OK
r-patched-linux-x86_64 1.4.0 1.68 43.56 45.24 OK
r-patched-solaris-x86 1.4.0 78.50 NOTE
r-release-linux-x86_64 1.4.0 1.82 43.29 45.11 OK
r-release-windows-ix86+x86_64 1.4.0 4.00 77.00 81.00 OK
r-release-osx-x86_64 1.4.0 NOTE
r-oldrel-windows-ix86+x86_64 1.4.0 4.00 77.00 81.00 OK
r-oldrel-osx-x86_64 1.4.0 NOTE

Check Details

Version: 1.4.0
Check: dependencies in R code
Result: NOTE
    Namespace in Imports field not imported from: ‘utils’
     All declared Imports should be used.
Flavors: r-devel-linux-x86_64-fedora-clang, r-devel-linux-x86_64-fedora-gcc, r-patched-solaris-x86, r-release-osx-x86_64, r-oldrel-osx-x86_64