CRAN Package Check Results for Package WikidataR

Last updated on 2020-02-20 21:47:46 CET.

Flavor Version Tinstall Tcheck Ttotal Status Flags
r-devel-linux-x86_64-debian-clang 1.4.0 2.45 50.63 53.08 OK
r-devel-linux-x86_64-debian-gcc 1.4.0 1.71 39.54 41.25 OK
r-devel-linux-x86_64-fedora-clang 1.4.0 62.28 NOTE
r-devel-linux-x86_64-fedora-gcc 1.4.0 66.01 NOTE
r-devel-windows-ix86+x86_64 1.4.0 6.00 102.00 108.00 OK
r-devel-windows-ix86+x86_64-gcc8 1.4.0 11.00 134.00 145.00 OK
r-patched-linux-x86_64 1.4.0 1.82 45.76 47.58 OK
r-patched-solaris-x86 1.4.0 79.30 NOTE
r-release-linux-x86_64 1.4.0 1.61 45.84 47.45 OK
r-release-windows-ix86+x86_64 1.4.0 5.00 109.00 114.00 OK
r-release-osx-x86_64 1.4.0 NOTE
r-oldrel-windows-ix86+x86_64 1.4.0 3.00 96.00 99.00 OK
r-oldrel-osx-x86_64 1.4.0 NOTE

Check Details

Version: 1.4.0
Check: dependencies in R code
Result: NOTE
    Namespace in Imports field not imported from: ‘utils’
     All declared Imports should be used.
Flavors: r-devel-linux-x86_64-fedora-clang, r-devel-linux-x86_64-fedora-gcc, r-patched-solaris-x86, r-release-osx-x86_64, r-oldrel-osx-x86_64