CRAN Package Check Results for Package WikipediaR

Last updated on 2022-07-05 19:55:32 CEST.

Flavor Version Tinstall Tcheck Ttotal Status Flags
r-devel-linux-x86_64-debian-clang 1.1 4.57 39.11 43.68 OK
r-devel-linux-x86_64-debian-gcc 1.1 3.63 30.22 33.85 OK
r-devel-linux-x86_64-fedora-clang 1.1 63.61 NOTE
r-devel-linux-x86_64-fedora-gcc 1.1 62.17 OK
r-devel-windows-x86_64 1.1 16.00 72.00 88.00 OK
r-patched-linux-x86_64 1.1 4.23 37.48 41.71 OK
r-release-linux-x86_64 1.1 4.46 37.87 42.33 OK
r-release-macos-arm64 1.1 20.00 OK
r-release-macos-x86_64 1.1 28.00 OK
r-release-windows-x86_64 1.1 20.00 69.00 89.00 OK
r-oldrel-macos-arm64 1.1 23.00 OK
r-oldrel-macos-x86_64 1.1 31.00 OK
r-oldrel-windows-ix86+x86_64 1.1 10.00 56.00 66.00 OK

Check Details

Version: 1.1
Check: Rd cross-references
Result: NOTE
    Undeclared package ‘WikipediR’ in Rd xrefs
Flavor: r-devel-linux-x86_64-fedora-clang