CRAN Package Check Results for Package XGR

Last updated on 2018-05-28 09:48:16 CEST.

Flavor Version Tinstall Tcheck Ttotal Status Flags
r-devel-linux-x86_64-debian-clang 1.1.3 39.50 347.42 386.92 OK
r-devel-linux-x86_64-debian-gcc 1.1.3 36.93 302.80 339.73 OK
r-devel-linux-x86_64-fedora-clang 1.1.3 552.36 OK
r-devel-linux-x86_64-fedora-gcc 1.1.3 515.87 OK
r-devel-windows-ix86+x86_64 1.1.3 67.00 346.00 413.00 OK
r-patched-linux-x86_64 1.1.3 34.31 315.49 349.80 OK
r-patched-solaris-x86 1.1.3 608.50 OK
r-release-linux-x86_64 1.1.3 33.28 318.51 351.79 OK
r-release-windows-ix86+x86_64 1.1.3 81.00 401.00 482.00 OK
r-release-osx-x86_64 1.1.3 ERROR
r-oldrel-windows-ix86+x86_64 1.1.3 64.00 283.00 347.00 OK
r-oldrel-osx-x86_64 1.1.3 NOTE

Check Details

Version: 1.1.3
Check: package dependencies
Result: ERROR
    Package required but not available: ‘rtracklayer’
    
    Packages suggested but not available for checking: ‘GenomicScores’ ‘ggbio’
    
    See section ‘The DESCRIPTION file’ in the ‘Writing R Extensions’
    manual.
Flavor: r-release-osx-x86_64

Version: 1.1.3
Check: package dependencies
Result: NOTE
    Packages suggested but not available for checking: ‘GenomicScores’ ‘ggbio’
Flavor: r-oldrel-osx-x86_64