CRAN Package Check Results for Package XGR

Last updated on 2019-07-17 18:48:15 CEST.

Flavor Version Tinstall Tcheck Ttotal Status Flags
r-devel-linux-x86_64-debian-clang 1.1.6 34.78 238.16 272.94 OK
r-devel-linux-x86_64-debian-gcc 1.1.6 30.55 186.03 216.58 OK
r-devel-linux-x86_64-fedora-clang 1.1.6 331.87 OK
r-devel-linux-x86_64-fedora-gcc 1.1.6 337.84 OK
r-devel-windows-ix86+x86_64 1.1.6 89.00 340.00 429.00 OK
r-patched-linux-x86_64 1.1.6 36.14 235.82 271.96 OK
r-patched-solaris-x86 1.1.6 428.50 OK
r-release-linux-x86_64 1.1.6 35.96 236.32 272.28 OK
r-release-windows-ix86+x86_64 1.1.5 64.00 356.00 420.00 OK
r-release-osx-x86_64 1.1.6 ERROR
r-oldrel-windows-ix86+x86_64 1.1.6 45.00 218.00 263.00 OK
r-oldrel-osx-x86_64 1.1.6 NOTE

Check Details

Version: 1.1.6
Check: package dependencies
Result: ERROR
    Packages required but not available:
     'dnet', 'GenomicRanges', 'IRanges', 'S4Vectors', 'supraHex',
     'BiocGenerics'
    
    Packages suggested but not available for checking:
     'GenomeInfoDb', 'rtracklayer'
    
    See section ‘The DESCRIPTION file’ in the ‘Writing R Extensions’
    manual.
Flavor: r-release-osx-x86_64

Version: 1.1.6
Check: package dependencies
Result: NOTE
    Package suggested but not available for checking: ‘rtracklayer’
Flavor: r-oldrel-osx-x86_64