CRAN Package Check Results for Package XGR

Last updated on 2018-08-17 07:47:54 CEST.

Flavor Version Tinstall Tcheck Ttotal Status Flags
r-devel-linux-x86_64-debian-clang 1.1.4 39.61 405.78 445.39 OK
r-devel-linux-x86_64-debian-gcc 1.1.4 36.06 322.84 358.90 OK
r-devel-linux-x86_64-fedora-clang 1.1.4 538.95 OK
r-devel-linux-x86_64-fedora-gcc 1.1.4 547.20 OK
r-devel-windows-ix86+x86_64 1.1.4 63.00 330.00 393.00 OK
r-patched-linux-x86_64 1.1.4 36.35 327.76 364.11 OK
r-patched-solaris-x86 1.1.4 580.70 OK
r-release-linux-x86_64 1.1.4 36.59 330.20 366.79 OK
r-release-windows-ix86+x86_64 1.1.4 84.00 438.00 522.00 OK
r-release-osx-x86_64 1.1.4 ERROR
r-oldrel-windows-ix86+x86_64 1.1.4 50.00 328.00 378.00 OK
r-oldrel-osx-x86_64 1.1.4 NOTE

Check Details

Version: 1.1.4
Check: package dependencies
Result: ERROR
    Package required but not available: ‘rtracklayer’
    
    Packages suggested but not available for checking: ‘GenomicScores’ ‘ggbio’
    
    See section ‘The DESCRIPTION file’ in the ‘Writing R Extensions’
    manual.
Flavor: r-release-osx-x86_64

Version: 1.1.4
Check: package dependencies
Result: NOTE
    Packages suggested but not available for checking: ‘GenomicScores’ ‘ggbio’
Flavor: r-oldrel-osx-x86_64