CRAN Package Check Results for Package XGR

Last updated on 2018-10-19 06:48:25 CEST.

Flavor Version Tinstall Tcheck Ttotal Status Flags
r-devel-linux-x86_64-debian-clang 1.1.4 38.27 415.63 453.90 OK
r-devel-linux-x86_64-debian-gcc 1.1.4 35.90 324.32 360.22 OK
r-devel-linux-x86_64-fedora-clang 1.1.4 556.54 OK
r-devel-linux-x86_64-fedora-gcc 1.1.4 530.63 OK
r-devel-windows-ix86+x86_64 1.1.4 87.00 475.00 562.00 OK
r-patched-linux-x86_64 1.1.4 33.97 334.87 368.84 OK
r-patched-solaris-x86 1.1.4 621.10 OK
r-release-linux-x86_64 1.1.4 33.62 336.17 369.79 OK
r-release-windows-ix86+x86_64 1.1.4 79.00 427.00 506.00 OK
r-release-osx-x86_64 1.1.4 ERROR
r-oldrel-windows-ix86+x86_64 1.1.4 43.00 417.00 460.00 OK
r-oldrel-osx-x86_64 1.1.4 NOTE

Check Details

Version: 1.1.4
Check: package dependencies
Result: ERROR
    Package required but not available: ‘rtracklayer’
    
    Packages suggested but not available for checking: ‘GenomicScores’ ‘ggbio’
    
    See section ‘The DESCRIPTION file’ in the ‘Writing R Extensions’
    manual.
Flavor: r-release-osx-x86_64

Version: 1.1.4
Check: package dependencies
Result: NOTE
    Packages suggested but not available for checking: ‘GenomicScores’ ‘ggbio’
Flavor: r-oldrel-osx-x86_64