CRAN Package Check Results for Package XGR

Last updated on 2019-01-24 04:52:01 CET.

Flavor Version Tinstall Tcheck Ttotal Status Flags
r-devel-linux-x86_64-debian-clang 1.1.4 41.51 365.54 407.05 OK
r-devel-linux-x86_64-debian-gcc 1.1.4 36.05 279.20 315.25 OK
r-devel-linux-x86_64-fedora-clang 1.1.4 480.62 OK
r-devel-linux-x86_64-fedora-gcc 1.1.4 457.32 OK
r-devel-windows-ix86+x86_64 1.1.4 84.00 459.00 543.00 OK
r-patched-linux-x86_64 1.1.4 38.05 338.72 376.77 OK
r-patched-solaris-x86 1.1.4 628.50 OK
r-release-linux-x86_64 1.1.4 29.50 336.40 365.90 OK
r-release-windows-ix86+x86_64 1.1.4 61.00 434.00 495.00 OK
r-release-osx-x86_64 1.1.4 ERROR
r-oldrel-windows-ix86+x86_64 1.1.4 66.00 422.00 488.00 OK
r-oldrel-osx-x86_64 1.1.4 NOTE

Check Details

Version: 1.1.4
Check: package dependencies
Result: ERROR
    Package required but not available: ‘rtracklayer’
    
    Packages suggested but not available for checking: ‘GenomicScores’ ‘ggbio’
    
    See section ‘The DESCRIPTION file’ in the ‘Writing R Extensions’
    manual.
Flavor: r-release-osx-x86_64

Version: 1.1.4
Check: package dependencies
Result: NOTE
    Packages suggested but not available for checking: ‘GenomicScores’ ‘ggbio’
Flavor: r-oldrel-osx-x86_64