CRAN Package Check Results for Package XKCDdata

Last updated on 2022-08-15 13:52:15 CEST.

Flavor Version Tinstall Tcheck Ttotal Status Flags
r-devel-linux-x86_64-debian-clang 0.1.0 4.74 50.53 55.27 NOTE
r-devel-linux-x86_64-debian-gcc 0.1.0 4.06 37.24 41.30 NOTE
r-devel-linux-x86_64-fedora-clang 0.1.0 79.90 NOTE
r-devel-linux-x86_64-fedora-gcc 0.1.0 73.46 NOTE
r-devel-windows-x86_64 0.1.0 8.00 70.00 78.00 NOTE
r-patched-linux-x86_64 0.1.0 3.94 48.63 52.57 NOTE
r-release-linux-x86_64 0.1.0 4.41 47.53 51.94 NOTE
r-release-macos-arm64 0.1.0 25.00 NOTE
r-release-macos-x86_64 0.1.0 42.00 NOTE
r-release-windows-x86_64 0.1.0 8.00 78.00 86.00 NOTE
r-oldrel-macos-arm64 0.1.0 29.00 NOTE
r-oldrel-macos-x86_64 0.1.0 42.00 NOTE
r-oldrel-windows-ix86+x86_64 0.1.0 13.00 73.00 86.00 NOTE

Check Details

Version: 0.1.0
Check: LazyData
Result: NOTE
     'LazyData' is specified without a 'data' directory
Flavors: r-devel-linux-x86_64-debian-clang, r-devel-linux-x86_64-debian-gcc, r-devel-linux-x86_64-fedora-clang, r-devel-linux-x86_64-fedora-gcc, r-devel-windows-x86_64, r-patched-linux-x86_64, r-release-linux-x86_64, r-release-macos-arm64, r-release-macos-x86_64, r-release-windows-x86_64, r-oldrel-macos-arm64, r-oldrel-macos-x86_64, r-oldrel-windows-ix86+x86_64

Version: 0.1.0
Check: dependencies in R code
Result: NOTE
    Namespace in Imports field not imported from: ‘tibble’
     All declared Imports should be used.
Flavors: r-devel-linux-x86_64-fedora-clang, r-devel-linux-x86_64-fedora-gcc, r-release-macos-arm64, r-release-macos-x86_64, r-oldrel-macos-arm64, r-oldrel-macos-x86_64