CRAN Package Check Results for Package XLConnect

Last updated on 2022-09-27 11:51:31 CEST.

Flavor Version Tinstall Tcheck Ttotal Status Flags
r-devel-linux-x86_64-debian-clang 1.0.5 11.97 163.24 175.21 OK
r-devel-linux-x86_64-debian-gcc 1.0.5 8.47 129.18 137.65 OK
r-devel-linux-x86_64-fedora-clang 1.0.5 222.74 NOTE
r-devel-linux-x86_64-fedora-gcc 1.0.5 221.40 OK
r-devel-windows-x86_64 1.0.5 286.00 301.00 587.00 NOTE
r-patched-linux-x86_64 1.0.5 15.38 161.55 176.93 OK
r-release-linux-x86_64 1.0.5 11.01 161.52 172.53 OK
r-release-macos-arm64 1.0.5 77.00 NOTE
r-release-macos-x86_64 1.0.5 106.00 NOTE
r-release-windows-x86_64 1.0.5 193.00 301.00 494.00 NOTE
r-oldrel-macos-arm64 1.0.5 83.00 NOTE
r-oldrel-macos-x86_64 1.0.5 109.00 NOTE
r-oldrel-windows-ix86+x86_64 1.0.5 36.00 227.00 263.00 NOTE

Check Details

Version: 1.0.5
Check: installed package size
Result: NOTE
     installed size is 36.5Mb
     sub-directories of 1Mb or more:
     java 34.2Mb
Flavors: r-devel-linux-x86_64-fedora-clang, r-devel-windows-x86_64, r-release-macos-arm64, r-release-macos-x86_64, r-release-windows-x86_64, r-oldrel-macos-arm64, r-oldrel-macos-x86_64, r-oldrel-windows-ix86+x86_64