CRAN Package Check Results for Package XRJulia

Last updated on 2018-12-09 22:58:49 CET.

Flavor Version Tinstall Tcheck Ttotal Status Flags
r-devel-linux-x86_64-debian-clang 0.7.7 2.35 25.86 28.21 OK
r-devel-linux-x86_64-debian-gcc 0.7.7 2.50 21.16 23.66 OK
r-devel-linux-x86_64-fedora-clang 0.7.7 35.20 OK
r-devel-linux-x86_64-fedora-gcc 0.7.7 36.14 OK
r-devel-windows-ix86+x86_64 0.7.7 7.00 57.00 64.00 OK
r-patched-linux-x86_64 0.7.7 3.23 25.02 28.25 OK
r-patched-solaris-x86 0.7.7 53.20 ERROR
r-release-linux-x86_64 0.7.7 2.56 24.93 27.49 OK
r-release-windows-ix86+x86_64 0.7.7 7.00 40.00 47.00 OK
r-release-osx-x86_64 0.7.7 OK
r-oldrel-windows-ix86+x86_64 0.7.7 4.00 49.00 53.00 OK
r-oldrel-osx-x86_64 0.7.7 OK

Check Details

Version: 0.7.7
Check: examples
Result: ERROR
    Running examples in ‘XRJulia-Ex.R’ failed
    The error most likely occurred in:
    
    > ### Name: JuliaFunction-class
    > ### Title: Proxy Objects in R for Julia Functions
    > ### Aliases: JuliaFunction JuliaFunction-class
    > ### initialize,JuliaFunction-method
    >
    > ### ** Examples
    >
    > if(findJulia(test = TRUE)) {
    + set.seed(228)
    + x <- matrix(rnorm(1000),20,5)
    + xm <- juliaSend(x)
    + svdJ <- JuliaFunction("svdfact")
    + sxm <- svdJ(xm)
    + sxm
    + }
    sh: no: not found
    Error in base::system(cmd, intern = TRUE) :
     error in running command: 'Illegal seek'
    Calls: findJulia -> testJSON -> <Anonymous>
    Execution halted
Flavor: r-patched-solaris-x86