CRAN Package Check Results for Package XRJulia

Last updated on 2018-09-22 17:48:12 CEST.

Flavor Version Tinstall Tcheck Ttotal Status Flags
r-devel-linux-x86_64-debian-clang 0.7.7 2.65 27.74 30.39 OK
r-devel-linux-x86_64-debian-gcc 0.7.7 2.66 22.39 25.05 OK
r-devel-linux-x86_64-fedora-clang 0.7.7 36.39 OK
r-devel-linux-x86_64-fedora-gcc 0.7.7 34.85 OK
r-devel-windows-ix86+x86_64 0.7.7 8.00 46.00 54.00 OK
r-patched-linux-x86_64 0.7.7 3.32 24.64 27.96 OK
r-patched-solaris-x86 0.7.7 51.40 ERROR
r-release-linux-x86_64 0.7.7 2.69 24.90 27.59 OK
r-release-windows-ix86+x86_64 0.7.7 5.00 53.00 58.00 OK
r-release-osx-x86_64 0.7.7 OK
r-oldrel-windows-ix86+x86_64 0.7.7 3.00 51.00 54.00 OK
r-oldrel-osx-x86_64 0.7.7 OK

Check Details

Version: 0.7.7
Check: examples
Result: ERROR
    Running examples in ‘XRJulia-Ex.R’ failed
    The error most likely occurred in:
    
    > ### Name: JuliaFunction-class
    > ### Title: Proxy Objects in R for Julia Functions
    > ### Aliases: JuliaFunction JuliaFunction-class
    > ### initialize,JuliaFunction-method
    >
    > ### ** Examples
    >
    > if(findJulia(test = TRUE)) {
    + set.seed(228)
    + x <- matrix(rnorm(1000),20,5)
    + xm <- juliaSend(x)
    + svdJ <- JuliaFunction("svdfact")
    + sxm <- svdJ(xm)
    + sxm
    + }
    sh: no: not found
    Error in base::system(cmd, intern = TRUE) :
     error in running command: 'Illegal seek'
    Calls: findJulia -> testJSON -> <Anonymous>
    Execution halted
Flavor: r-patched-solaris-x86