CRAN Package Check Results for Package XRJulia

Last updated on 2018-06-19 07:49:06 CEST.

Flavor Version Tinstall Tcheck Ttotal Status Flags
r-devel-linux-x86_64-debian-clang 0.7.7 2.74 23.45 26.19 OK
r-devel-linux-x86_64-debian-gcc 0.7.7 2.47 21.87 24.34 OK
r-devel-linux-x86_64-fedora-clang 0.7.7 35.29 OK
r-devel-linux-x86_64-fedora-gcc 0.7.7 33.68 OK
r-devel-windows-ix86+x86_64 0.7.7 8.00 45.00 53.00 OK
r-patched-linux-x86_64 0.7.7 2.30 25.22 27.52 OK
r-patched-solaris-x86 0.7.7 51.80 ERROR
r-release-linux-x86_64 0.7.7 3.40 24.92 28.32 OK
r-release-windows-ix86+x86_64 0.7.7 6.00 49.00 55.00 OK
r-release-osx-x86_64 0.7.7 OK
r-oldrel-windows-ix86+x86_64 0.7.7 4.00 50.00 54.00 OK
r-oldrel-osx-x86_64 0.7.7 OK

Check Details

Version: 0.7.7
Check: examples
Result: ERROR
    Running examples in ‘XRJulia-Ex.R’ failed
    The error most likely occurred in:
    
    > ### Name: JuliaFunction-class
    > ### Title: Proxy Objects in R for Julia Functions
    > ### Aliases: JuliaFunction JuliaFunction-class
    > ### initialize,JuliaFunction-method
    >
    > ### ** Examples
    >
    > if(findJulia(test = TRUE)) {
    + set.seed(228)
    + x <- matrix(rnorm(1000),20,5)
    + xm <- juliaSend(x)
    + svdJ <- JuliaFunction("svdfact")
    + sxm <- svdJ(xm)
    + sxm
    + }
    sh: no: not found
    Error in base::system(cmd, intern = TRUE) :
     error in running command: 'Illegal seek'
    Calls: findJulia -> testJSON -> <Anonymous>
    Execution halted
Flavor: r-patched-solaris-x86