CRAN Package Check Results for Package XRJulia

Last updated on 2019-03-24 22:50:02 CET.

Flavor Version Tinstall Tcheck Ttotal Status Flags
r-devel-linux-x86_64-debian-clang 0.7.7 3.69 26.31 30.00 OK
r-devel-linux-x86_64-debian-gcc 0.7.7 3.23 21.21 24.44 OK
r-devel-linux-x86_64-fedora-clang 0.7.7 37.03 OK
r-devel-linux-x86_64-fedora-gcc 0.7.7 34.69 OK
r-devel-windows-ix86+x86_64 0.7.7 9.00 45.00 54.00 OK
r-patched-linux-x86_64 0.7.7 3.15 24.73 27.88 OK
r-patched-solaris-x86 0.7.7 52.90 ERROR
r-release-linux-x86_64 0.7.7 2.97 24.73 27.70 OK
r-release-windows-ix86+x86_64 0.7.7 5.00 42.00 47.00 OK
r-release-osx-x86_64 0.7.7 OK
r-oldrel-windows-ix86+x86_64 0.7.7 5.00 53.00 58.00 OK
r-oldrel-osx-x86_64 0.7.7 OK

Check Details

Version: 0.7.7
Check: examples
Result: ERROR
    Running examples in ‘XRJulia-Ex.R’ failed
    The error most likely occurred in:
    
    > ### Name: JuliaFunction-class
    > ### Title: Proxy Objects in R for Julia Functions
    > ### Aliases: JuliaFunction JuliaFunction-class
    > ### initialize,JuliaFunction-method
    >
    > ### ** Examples
    >
    > if(findJulia(test = TRUE)) {
    + set.seed(228)
    + x <- matrix(rnorm(1000),20,5)
    + xm <- juliaSend(x)
    + svdJ <- JuliaFunction("svdfact")
    + sxm <- svdJ(xm)
    + sxm
    + }
    sh: no: not found
    Error in base::system(cmd, intern = TRUE) :
     error in running command: 'Illegal seek'
    Calls: findJulia -> testJSON -> <Anonymous>
    Execution halted
Flavor: r-patched-solaris-x86