CRAN Package Check Results for Package Xmisc

Last updated on 2019-09-23 14:47:37 CEST.

Flavor Version Tinstall Tcheck Ttotal Status Flags
r-devel-linux-x86_64-debian-clang 0.2.1 4.83 37.27 42.10 NOTE
r-devel-linux-x86_64-debian-gcc 0.2.1 3.85 29.85 33.70 NOTE
r-devel-linux-x86_64-fedora-clang 0.2.1 51.72 NOTE
r-devel-linux-x86_64-fedora-gcc 0.2.1 51.66 NOTE
r-devel-windows-ix86+x86_64 0.2.1 16.00 75.00 91.00 NOTE
r-patched-linux-x86_64 0.2.1 3.11 37.03 40.14 NOTE
r-patched-solaris-x86 0.2.1 75.90 NOTE
r-release-linux-x86_64 0.2.1 3.66 37.19 40.85 NOTE
r-release-windows-ix86+x86_64 0.2.1 14.00 74.00 88.00 NOTE
r-release-osx-x86_64 0.2.1 NOTE
r-oldrel-windows-ix86+x86_64 0.2.1 7.00 49.00 56.00 NOTE
r-oldrel-osx-x86_64 0.2.1 NOTE

Check Details

Version: 0.2.1
Check: R code for possible problems
Result: NOTE
    R5.value.default: no visible binding for global variable 'data.table'
    R5.value.default: no visible global function definition for
     'as.data.table'
    R5.value.parse: no visible binding for global variable 'data.table'
    R5.value.parse: no visible global function definition for
     'is.data.table'
    R5.value.parse: no visible global function definition for
     'as.data.table'
    stampme: no visible global function definition for 'flush.console'
    stampmsg: no visible global function definition for 'flush.console'
    write.data.table: no visible global function definition for
     'write.table'
    Undefined global functions or variables:
     as.data.table data.table flush.console is.data.table write.table
    Consider adding
     importFrom("utils", "flush.console", "write.table")
    to your NAMESPACE file.
Flavors: r-devel-linux-x86_64-debian-clang, r-devel-linux-x86_64-debian-gcc, r-devel-linux-x86_64-fedora-clang, r-devel-linux-x86_64-fedora-gcc, r-devel-windows-ix86+x86_64, r-patched-linux-x86_64, r-patched-solaris-x86, r-release-linux-x86_64, r-release-windows-ix86+x86_64, r-release-osx-x86_64, r-oldrel-windows-ix86+x86_64, r-oldrel-osx-x86_64