CRAN Package Check Results for Package Xplortext

Last updated on 2022-07-03 06:54:37 CEST.

Flavor Version Tinstall Tcheck Ttotal Status Flags
r-devel-linux-x86_64-debian-clang 1.5.1 26.44 187.32 213.76 OK
r-devel-linux-x86_64-debian-gcc 1.5.1 23.07 134.96 158.03 OK
r-devel-linux-x86_64-fedora-clang 1.5.1 258.33 OK
r-devel-linux-x86_64-fedora-gcc 1.5.1 256.16 OK
r-devel-windows-x86_64 1.5.1 29.00 194.00 223.00 OK
r-patched-linux-x86_64 1.5.1 18.30 174.55 192.85 OK
r-release-linux-x86_64 1.5.1 24.92 169.68 194.60 OK
r-release-macos-arm64 1.5.1 49.00 OK
r-release-macos-x86_64 1.5.1 90.00 OK
r-release-windows-x86_64 1.5.1 37.00 193.00 230.00 OK
r-oldrel-macos-arm64 1.4.1 58.00 NOTE
r-oldrel-macos-x86_64 1.4.1 93.00 NOTE
r-oldrel-windows-ix86+x86_64 1.4.1 41.00 153.00 194.00 OK

Check Details

Version: 1.4.1
Check: dependencies in R code
Result: NOTE
    Namespace in Imports field not imported from: ‘ggdendro’
     All declared Imports should be used.
Flavors: r-oldrel-macos-arm64, r-oldrel-macos-x86_64