CRAN Package Check Results for Package Z10

Last updated on 2022-08-08 01:54:49 CEST.

Flavor Version Tinstall Tcheck Ttotal Status Flags
r-devel-linux-x86_64-debian-clang 0.1.0 2.45 25.61 28.06 NOTE
r-devel-linux-x86_64-debian-gcc 0.1.0 2.10 19.79 21.89 NOTE
r-devel-linux-x86_64-fedora-clang 0.1.0 46.24 NOTE
r-devel-linux-x86_64-fedora-gcc 0.1.0 45.82 NOTE
r-devel-windows-x86_64 0.1.0 10.00 50.00 60.00 NOTE
r-patched-linux-x86_64 0.1.0 2.52 24.42 26.94 NOTE
r-release-linux-x86_64 0.1.0 2.42 24.68 27.10 NOTE
r-release-macos-arm64 0.1.0 16.00 NOTE
r-release-macos-x86_64 0.1.0 29.00 NOTE
r-release-windows-x86_64 0.1.0 9.00 49.00 58.00 NOTE
r-oldrel-macos-arm64 0.1.0 20.00 NOTE
r-oldrel-macos-x86_64 0.1.0 28.00 NOTE
r-oldrel-windows-ix86+x86_64 0.1.0 7.00 42.00 49.00 NOTE

Check Details

Version: 0.1.0
Check: package dependencies
Result: NOTE
    Packages suggested but not available for checking: 'RNRCS', 'metScanR'
Flavors: r-devel-linux-x86_64-debian-clang, r-devel-linux-x86_64-debian-gcc, r-devel-linux-x86_64-fedora-clang, r-devel-linux-x86_64-fedora-gcc, r-patched-linux-x86_64, r-release-linux-x86_64

Version: 0.1.0
Check: LazyData
Result: NOTE
     'LazyData' is specified without a 'data' directory
Flavors: r-devel-linux-x86_64-debian-clang, r-devel-linux-x86_64-debian-gcc, r-devel-linux-x86_64-fedora-clang, r-devel-linux-x86_64-fedora-gcc, r-devel-windows-x86_64, r-patched-linux-x86_64, r-release-linux-x86_64, r-release-macos-arm64, r-release-macos-x86_64, r-release-windows-x86_64, r-oldrel-macos-arm64, r-oldrel-macos-x86_64, r-oldrel-windows-ix86+x86_64

Version: 0.1.0
Check: package dependencies
Result: NOTE
    Package suggested but not available for checking: ‘RNRCS’
Flavors: r-release-macos-arm64, r-release-macos-x86_64