Last updated on 2023-12-03 06:49:14 CET.
Flavor | Version | Tinstall | Tcheck | Ttotal | Status | Flags |
---|---|---|---|---|---|---|
r-devel-linux-x86_64-debian-clang | 1.1.0 | 4.36 | 36.05 | 40.41 | OK | |
r-devel-linux-x86_64-debian-gcc | 1.1.0 | 4.19 | 27.51 | 31.70 | OK | |
r-devel-linux-x86_64-fedora-clang | 1.1.0 | 50.48 | NOTE | |||
r-devel-linux-x86_64-fedora-gcc | 1.1.0 | 48.36 | OK | |||
r-devel-windows-x86_64 | 1.1.0 | 5.00 | 50.00 | 55.00 | OK | |
r-patched-linux-x86_64 | 1.1.0 | 5.20 | 33.81 | 39.01 | OK | |
r-release-linux-x86_64 | 1.1.0 | 4.06 | 32.92 | 36.98 | OK | |
r-release-macos-arm64 | 1.1.0 | 20.00 | OK | |||
r-release-macos-x86_64 | 1.1.0 | 28.00 | OK | |||
r-release-windows-x86_64 | 1.1.0 | 4.00 | 54.00 | 58.00 | OK | |
r-oldrel-macos-arm64 | 1.1.0 | 19.00 | OK | |||
r-oldrel-macos-x86_64 | 1.1.0 | 26.00 | OK | |||
r-oldrel-windows-x86_64 | 1.1.0 | 6.00 | 93.00 | 99.00 | OK |
Version: 1.1.0
Check: Rd cross-references
Result: NOTE
Undeclared package ‘dplyr’ in Rd xrefs
Flavor: r-devel-linux-x86_64-fedora-clang