CRAN Package Check Results for Package Zelig

Last updated on 2018-12-17 15:50:09 CET.

Flavor Version Tinstall Tcheck Ttotal Status Flags
r-devel-linux-x86_64-debian-clang 5.1.6 37.89 5.39 43.28 ERROR
r-devel-linux-x86_64-debian-gcc 5.1.6 33.06 3.57 36.63 ERROR
r-devel-linux-x86_64-fedora-clang 5.1.6 390.70 OK
r-devel-linux-x86_64-fedora-gcc 5.1.6 373.05 OK
r-devel-windows-ix86+x86_64 5.1.6 53.00 312.00 365.00 OK
r-patched-linux-x86_64 5.1.6 79.94 3.40 83.34 ERROR
r-patched-solaris-x86 5.1.6 609.00 OK
r-release-linux-x86_64 5.1.6 78.66 287.28 365.94 OK
r-release-windows-ix86+x86_64 5.1.6 153.00 372.00 525.00 OK
r-release-osx-x86_64 5.1.6 OK
r-oldrel-windows-ix86+x86_64 5.1.6 68.00 414.00 482.00 OK
r-oldrel-osx-x86_64 5.1.6 OK

Check Details

Version: 5.1.6
Check: whether the package can be loaded
Result: ERROR
    Loading this package had a fatal error status code 1
    Loading log:
    Loading required package: survival
    Error: package or namespace load failed for ‘survival’ in dyn.load(file, DLLpath = DLLpath, ...):
     unable to load shared object ‘/home/hornik/tmp/R.check/r-devel-clang/Work/build/Packages/lattice/libs/lattice.so’:
     /home/hornik/tmp/R.check/r-devel-clang/Work/build/Packages/lattice/libs/lattice.so: failed to map segment from shared object
    Error: package ‘survival’ could not be loaded
    Execution halted
Flavor: r-devel-linux-x86_64-debian-clang

Version: 5.1.6
Check: whether the package can be loaded
Result: ERROR
    Loading this package had a fatal error status code 1
    Loading log:
    Loading required package: survival
    Error: package or namespace load failed for ‘survival’ in dyn.load(file, DLLpath = DLLpath, ...):
     unable to load shared object ‘/home/hornik/tmp/R.check/r-devel-gcc/Work/build/Packages/lattice/libs/lattice.so’:
     /home/hornik/tmp/R.check/r-devel-gcc/Work/build/Packages/lattice/libs/lattice.so: failed to map segment from shared object
    Error: package ‘survival’ could not be loaded
    Execution halted
Flavor: r-devel-linux-x86_64-debian-gcc

Version: 5.1.6
Check: whether the package can be loaded
Result: ERROR
    Loading this package had a fatal error status code 1
    Loading log:
    Loading required package: survival
    Error: package or namespace load failed for ‘survival’ in dyn.load(file, DLLpath = DLLpath, ...):
     unable to load shared object ‘/home/hornik/tmp/R.check/r-patched-gcc/Work/build/Packages/lattice/libs/lattice.so’:
     /home/hornik/tmp/R.check/r-patched-gcc/Work/build/Packages/lattice/libs/lattice.so: failed to map segment from shared object
    Error: package ‘survival’ could not be loaded
    Execution halted
Flavor: r-patched-linux-x86_64