CRAN Package Check Results for Package aMNLFA

Last updated on 2022-12-08 22:59:43 CET.

Flavor Version Tinstall Tcheck Ttotal Status Flags
r-devel-linux-x86_64-debian-clang 1.1.2 4.55 38.77 43.32 OK
r-devel-linux-x86_64-debian-gcc 1.1.2 3.57 39.54 43.11 OK
r-devel-linux-x86_64-fedora-clang 1.1.2 66.98 NOTE
r-devel-linux-x86_64-fedora-gcc 1.1.2 64.75 NOTE
r-devel-windows-x86_64 1.1.2 27.00 95.00 122.00 OK
r-patched-linux-x86_64 1.1.2 5.11 38.04 43.15 OK
r-release-linux-x86_64 1.1.2 5.35 38.53 43.88 OK
r-release-macos-arm64 1.1.2 17.00 NOTE
r-release-macos-x86_64 1.1.2 36.00 NOTE
r-release-windows-x86_64 1.1.2 24.00 67.00 91.00 OK
r-oldrel-macos-arm64 1.1.2 19.00 NOTE
r-oldrel-macos-x86_64 1.1.2 27.00 NOTE
r-oldrel-windows-ix86+x86_64 1.1.2 15.00 60.00 75.00 OK

Check Details

Version: 1.1.2
Check: dependencies in R code
Result: NOTE
    Namespaces in Imports field not imported from:
     ‘devtools’ ‘dplyr’ ‘gridExtra’
     All declared Imports should be used.
Flavors: r-devel-linux-x86_64-fedora-clang, r-devel-linux-x86_64-fedora-gcc, r-release-macos-arm64, r-release-macos-x86_64, r-oldrel-macos-arm64, r-oldrel-macos-x86_64