CRAN Package Check Results for Package aVirtualTwins

Last updated on 2018-01-22 15:47:39 CET.

Flavor Version Tinstall Tcheck Ttotal Status Flags
r-devel-linux-x86_64-debian-clang 1.0.0 4.36 59.68 64.04 WARN
r-devel-linux-x86_64-debian-gcc 1.0.0 4.13 54.31 58.44 WARN
r-devel-linux-x86_64-fedora-clang 1.0.0 93.26 WARN
r-devel-linux-x86_64-fedora-gcc 1.0.0 91.96 WARN
r-devel-windows-ix86+x86_64 1.0.0 10.00 81.00 91.00 WARN
r-patched-linux-x86_64 1.0.0 4.85 81.19 86.04 OK
r-patched-solaris-x86 1.0.0 165.90 OK
r-release-linux-x86_64 1.0.0 5.29 79.41 84.70 OK
r-release-windows-ix86+x86_64 1.0.0 13.00 93.00 106.00 OK
r-release-osx-x86_64 1.0.0 OK
r-oldrel-windows-ix86+x86_64 1.0.0 14.00 83.00 97.00 OK
r-oldrel-osx-x86_64 1.0.0 OK

Check Details

Version: 1.0.0
Check: re-building of vignette outputs
Result: WARN
    Error in re-building vignettes:
     ...
    Warning in engine$weave(file, quiet = quiet, encoding = enc) :
     The vignette engine knitr::rmarkdown is not available, because the rmarkdown package is not installed. Please install it.
    Quitting from lines 233-254 (full-example.Rmd)
    Error: processing vignette ‘full-example.Rmd’ failed with diagnostics:
    package e1071 is required
    Execution halted
Flavors: r-devel-linux-x86_64-debian-clang, r-devel-linux-x86_64-debian-gcc, r-devel-linux-x86_64-fedora-clang, r-devel-linux-x86_64-fedora-gcc, r-devel-windows-ix86+x86_64