CRAN Package Check Results for Package abcrf

Last updated on 2018-05-27 12:47:38 CEST.

Flavor Version Tinstall Tcheck Ttotal Status Flags
r-devel-linux-x86_64-debian-clang 1.7 46.73 76.73 123.46 OK
r-devel-linux-x86_64-debian-gcc 1.7 41.55 60.20 101.75 OK
r-devel-linux-x86_64-fedora-clang 1.7 167.73 OK
r-devel-linux-x86_64-fedora-gcc 1.7 151.92 NOTE
r-devel-windows-ix86+x86_64 1.7 91.00 131.00 222.00 OK
r-patched-linux-x86_64 1.7 52.09 65.50 117.59 OK
r-patched-solaris-x86 1.7 179.30 OK
r-release-linux-x86_64 1.7 51.34 67.41 118.75 OK
r-release-windows-ix86+x86_64 1.7 122.00 116.00 238.00 OK
r-release-osx-x86_64 1.7 OK
r-oldrel-windows-ix86+x86_64 1.7 122.00 115.00 237.00 OK
r-oldrel-osx-x86_64 1.7 OK

Check Details

Version: 1.7
Check: installed package size
Result: NOTE
     installed size is 5.5Mb
     sub-directories of 1Mb or more:
     data 2.6Mb
     libs 2.7Mb
Flavor: r-devel-linux-x86_64-fedora-gcc