CRAN Package Check Results for Package abcrf

Last updated on 2018-02-24 22:47:17 CET.

Flavor Version Tinstall Tcheck Ttotal Status Flags
r-devel-linux-x86_64-debian-clang 1.7 40.85 66.23 107.08 OK
r-devel-linux-x86_64-debian-gcc 1.7 35.16 52.83 87.99 OK
r-devel-linux-x86_64-fedora-clang 1.7 147.86 OK
r-devel-linux-x86_64-fedora-gcc 1.7 137.72 NOTE
r-devel-windows-ix86+x86_64 1.7 113.00 142.00 255.00 OK
r-patched-linux-x86_64 1.7 41.57 69.75 111.32 OK
r-patched-solaris-x86 1.7 185.20 OK
r-release-linux-x86_64 1.7 41.22 69.46 110.68 OK
r-release-windows-ix86+x86_64 1.7 128.00 154.00 282.00 OK
r-release-osx-x86_64 1.7 OK
r-oldrel-windows-ix86+x86_64 1.7 90.00 110.00 200.00 OK
r-oldrel-osx-x86_64 1.7 OK

Check Details

Version: 1.7
Check: installed package size
Result: NOTE
     installed size is 5.5Mb
     sub-directories of 1Mb or more:
     data 2.6Mb
     libs 2.6Mb
Flavor: r-devel-linux-x86_64-fedora-gcc