CRAN Package Check Results for Package abglasso

Last updated on 2023-12-03 04:55:59 CET.

Flavor Version Tinstall Tcheck Ttotal Status Flags
r-devel-linux-x86_64-debian-clang 0.1.1 2.11 22.26 24.37 OK
r-devel-linux-x86_64-debian-gcc 0.1.1 1.60 17.59 19.19 OK
r-devel-linux-x86_64-fedora-clang 0.1.1 31.13 NOTE
r-devel-linux-x86_64-fedora-gcc 0.1.1 29.29 NOTE
r-devel-windows-x86_64 0.1.1 2.00 39.00 41.00 OK
r-patched-linux-x86_64 0.1.1 2.30 21.91 24.21 OK
r-release-linux-x86_64 0.1.1 2.22 21.95 24.17 OK
r-release-macos-arm64 0.1.1 15.00 OK
r-release-macos-x86_64 0.1.1 21.00 OK
r-release-windows-x86_64 0.1.1 3.00 40.00 43.00 OK
r-oldrel-macos-arm64 0.1.1 16.00 OK
r-oldrel-macos-x86_64 0.1.1 22.00 NOTE
r-oldrel-windows-x86_64 0.1.1 4.00 44.00 48.00 OK

Check Details

Version: 0.1.1
Check: dependencies in R code
Result: NOTE Namespace in Imports field not imported from: ‘MASS’ All declared Imports should be used. Flavors: r-devel-linux-x86_64-fedora-clang, r-devel-linux-x86_64-fedora-gcc, r-oldrel-macos-x86_64