CRAN Package Check Results for Package abjutils

Last updated on 2019-02-19 22:51:18 CET.

Flavor Version Tinstall Tcheck Ttotal Status Flags
r-devel-linux-x86_64-debian-clang 0.2.3 2.18 24.62 26.80 OK
r-devel-linux-x86_64-debian-gcc 0.2.3 1.71 19.76 21.47 OK
r-devel-linux-x86_64-fedora-clang 0.2.3 33.52 NOTE
r-devel-linux-x86_64-fedora-gcc 0.2.3 31.13 NOTE
r-devel-windows-ix86+x86_64 0.2.3 9.00 58.00 67.00 OK
r-patched-linux-x86_64 0.2.3 1.54 24.10 25.64 OK
r-patched-solaris-x86 0.2.3 48.00 NOTE
r-release-linux-x86_64 0.2.3 1.87 23.85 25.72 OK
r-release-windows-ix86+x86_64 0.2.3 3.00 55.00 58.00 OK
r-release-osx-x86_64 0.2.3 NOTE
r-oldrel-windows-ix86+x86_64 0.2.3 3.00 38.00 41.00 OK
r-oldrel-osx-x86_64 0.2.3 NOTE

Check Details

Version: 0.2.3
Check: dependencies in R code
Result: NOTE
    Namespaces in Imports field not imported from:
     ‘httr’ ‘progress’
     All declared Imports should be used.
Flavors: r-devel-linux-x86_64-fedora-clang, r-devel-linux-x86_64-fedora-gcc, r-patched-solaris-x86, r-release-osx-x86_64, r-oldrel-osx-x86_64