CRAN Package Check Results for Package abjutils

Last updated on 2018-05-26 14:46:11 CEST.

Flavor Version Tinstall Tcheck Ttotal Status Flags
r-devel-linux-x86_64-debian-clang 0.2.1 1.27 21.69 22.96 OK
r-devel-linux-x86_64-debian-gcc 0.2.1 0.75 17.21 17.96 OK
r-devel-linux-x86_64-fedora-clang 0.2.1 28.08 NOTE
r-devel-linux-x86_64-fedora-gcc 0.2.1 26.00 NOTE
r-devel-windows-ix86+x86_64 0.2.1 3.00 35.00 38.00 OK
r-patched-linux-x86_64 0.2.1 0.96 20.16 21.12 OK
r-patched-solaris-x86 0.2.1 38.80 NOTE
r-release-linux-x86_64 0.2.1 0.98 20.53 21.51 OK
r-release-windows-ix86+x86_64 0.2.1 7.00 35.00 42.00 OK
r-release-osx-x86_64 0.2.1 NOTE
r-oldrel-windows-ix86+x86_64 0.2.1 4.00 33.00 37.00 OK
r-oldrel-osx-x86_64 0.2.1 NOTE

Check Details

Version: 0.2.1
Check: dependencies in R code
Result: NOTE
    Namespaces in Imports field not imported from:
     ‘httr’ ‘progress’
     All declared Imports should be used.
Flavors: r-devel-linux-x86_64-fedora-clang, r-devel-linux-x86_64-fedora-gcc, r-patched-solaris-x86, r-release-osx-x86_64, r-oldrel-osx-x86_64