CRAN Package Check Results for Package abjutils

Last updated on 2018-08-19 22:53:04 CEST.

Flavor Version Tinstall Tcheck Ttotal Status Flags
r-devel-linux-x86_64-debian-clang 0.2.1 1.46 22.58 24.04 OK
r-devel-linux-x86_64-debian-gcc 0.2.1 0.95 18.07 19.02 OK
r-devel-linux-x86_64-fedora-clang 0.2.1 28.35 NOTE
r-devel-linux-x86_64-fedora-gcc 0.2.1 26.84 NOTE
r-devel-windows-ix86+x86_64 0.2.1 8.00 42.00 50.00 OK
r-patched-linux-x86_64 0.2.1 1.13 20.41 21.54 OK
r-patched-solaris-x86 0.2.1 40.60 NOTE
r-release-linux-x86_64 0.2.1 1.31 20.62 21.93 OK
r-release-windows-ix86+x86_64 0.2.1 6.00 48.00 54.00 OK
r-release-osx-x86_64 0.2.1 NOTE
r-oldrel-windows-ix86+x86_64 0.2.1 3.00 36.00 39.00 OK
r-oldrel-osx-x86_64 0.2.1 NOTE

Check Details

Version: 0.2.1
Check: dependencies in R code
Result: NOTE
    Namespaces in Imports field not imported from:
     ‘httr’ ‘progress’
     All declared Imports should be used.
Flavors: r-devel-linux-x86_64-fedora-clang, r-devel-linux-x86_64-fedora-gcc, r-patched-solaris-x86, r-release-osx-x86_64, r-oldrel-osx-x86_64