CRAN Package Check Results for Package abjutils

Last updated on 2018-02-25 02:47:25 CET.

Flavor Version Tinstall Tcheck Ttotal Status Flags
r-devel-linux-x86_64-debian-clang 0.2.1 1.16 20.08 21.24 OK
r-devel-linux-x86_64-debian-gcc 0.2.1 0.91 15.94 16.85 OK
r-devel-linux-x86_64-fedora-clang 0.2.1 25.82 NOTE
r-devel-linux-x86_64-fedora-gcc 0.2.1 24.06 NOTE
r-devel-windows-ix86+x86_64 0.2.1 4.00 42.00 46.00 OK
r-patched-linux-x86_64 0.2.1 0.81 20.03 20.84 OK
r-patched-solaris-x86 0.2.1 34.40 NOTE
r-release-linux-x86_64 0.2.1 0.92 20.01 20.93 OK
r-release-windows-ix86+x86_64 0.2.1 4.00 45.00 49.00 OK
r-release-osx-x86_64 0.2.1 NOTE
r-oldrel-windows-ix86+x86_64 0.2.1 2.00 29.00 31.00 OK
r-oldrel-osx-x86_64 0.0.1 ERROR

Check Details

Version: 0.2.1
Check: dependencies in R code
Result: NOTE
    Namespaces in Imports field not imported from:
     ‘httr’ ‘progress’
     All declared Imports should be used.
Flavors: r-devel-linux-x86_64-fedora-clang, r-devel-linux-x86_64-fedora-gcc, r-patched-solaris-x86, r-release-osx-x86_64

Version: 0.0.1
Check: dependencies in R code
Result: NOTE
    Namespaces in Imports field not imported from:
     ‘devtools’ ‘httr’
     All declared Imports should be used.
Flavor: r-oldrel-osx-x86_64

Version: 0.0.1
Check: tests
Result: ERROR
    Running the tests in ‘tests/testthat.R’ failed.
    Last 13 lines of output:
     1/1 mismatches
     x[1]: "\"a\"e\"i\"o\"u\"A\"E\"I\"O\"U\"y"
     y[1]: "aeiouAEIOUy"
    
     ══ testthat results ═══════════════════════════════════════════════════════════
     OK: 10 SKIPPED: 0 FAILED: 4
     1. Failure: rm_accent is the converted version of a string with all non-ASCII characters removed. (@test-rm_accent.R#30)
     2. Failure: rm_accent is the converted version of a string with all non-ASCII characters removed. (@test-rm_accent.R#32)
     3. Failure: rm_accent is the converted version of a string with all non-ASCII characters removed. (@test-rm_accent.R#33)
     4. Failure: rm_accent is the converted version of a string with all non-ASCII characters removed. (@test-rm_accent.R#34)
    
     Error: testthat unit tests failed
     Execution halted
Flavor: r-oldrel-osx-x86_64