CRAN Package Check Results for Package abjutils

Last updated on 2018-11-15 13:47:26 CET.

Flavor Version Tinstall Tcheck Ttotal Status Flags
r-devel-linux-x86_64-debian-clang 0.2.1 1.09 23.19 24.28 OK
r-devel-linux-x86_64-debian-gcc 0.2.1 1.18 18.88 20.06 OK
r-devel-linux-x86_64-fedora-clang 0.2.1 28.70 NOTE
r-devel-linux-x86_64-fedora-gcc 0.2.1 27.34 NOTE
r-devel-windows-ix86+x86_64 0.2.1 5.00 37.00 42.00 OK
r-patched-linux-x86_64 0.2.1 1.35 20.91 22.26 OK
r-patched-solaris-x86 0.2.1 41.20 NOTE
r-release-linux-x86_64 0.2.1 1.02 21.18 22.20 OK
r-release-windows-ix86+x86_64 0.2.1 4.00 50.00 54.00 OK
r-release-osx-x86_64 0.2.1 NOTE
r-oldrel-windows-ix86+x86_64 0.2.1 4.00 45.00 49.00 OK
r-oldrel-osx-x86_64 0.2.1 NOTE

Check Details

Version: 0.2.1
Check: dependencies in R code
Result: NOTE
    Namespaces in Imports field not imported from:
     ‘httr’ ‘progress’
     All declared Imports should be used.
Flavors: r-devel-linux-x86_64-fedora-clang, r-devel-linux-x86_64-fedora-gcc, r-patched-solaris-x86, r-release-osx-x86_64, r-oldrel-osx-x86_64