CRAN Package Check Results for Package abn

Last updated on 2019-11-20 01:46:25 CET.

Flavor Version Tinstall Tcheck Ttotal Status Flags
r-devel-linux-x86_64-debian-clang 2.1 170.75 96.92 267.67 NOTE
r-devel-linux-x86_64-debian-gcc 2.1 130.27 77.86 208.13 NOTE
r-devel-linux-x86_64-fedora-clang 2.1 356.40 NOTE
r-devel-linux-x86_64-fedora-gcc 2.1 374.96 OK
r-devel-windows-ix86+x86_64 2.1 434.00 191.00 625.00 NOTE
r-devel-windows-ix86+x86_64-gcc8 2.1 380.00 146.00 526.00 NOTE
r-patched-linux-x86_64 2.1 137.52 90.45 227.97 NOTE
r-patched-solaris-x86 2.1 330.70 NOTE
r-release-linux-x86_64 2.1 139.78 91.10 230.88 NOTE
r-release-windows-ix86+x86_64 2.1 400.00 203.00 603.00 NOTE
r-release-osx-x86_64 2.1 NOTE
r-oldrel-windows-ix86+x86_64 2.1 262.00 186.00 448.00 NOTE
r-oldrel-osx-x86_64 2.1 NOTE

Check Details

Version: 2.1
Check: package dependencies
Result: NOTE
    Package suggested but not available for checking: 'INLA'
Flavors: r-devel-linux-x86_64-debian-clang, r-devel-linux-x86_64-debian-gcc, r-patched-linux-x86_64, r-patched-solaris-x86, r-release-linux-x86_64, r-release-osx-x86_64, r-oldrel-osx-x86_64

Version: 2.1
Check: installed package size
Result: NOTE
     installed size is 8.8Mb
     sub-directories of 1Mb or more:
     libs 6.4Mb
Flavors: r-devel-linux-x86_64-fedora-clang, r-devel-windows-ix86+x86_64, r-devel-windows-ix86+x86_64-gcc8, r-release-windows-ix86+x86_64, r-release-osx-x86_64, r-oldrel-windows-ix86+x86_64, r-oldrel-osx-x86_64