CRAN Package Check Results for Package abodOutlier

Last updated on 2022-12-07 07:54:24 CET.

Flavor Version Tinstall Tcheck Ttotal Status Flags
r-devel-linux-x86_64-debian-clang 0.1 2.12 23.68 25.80 NOTE
r-devel-linux-x86_64-debian-gcc 0.1 1.28 18.51 19.79 NOTE
r-devel-linux-x86_64-fedora-clang 0.1 43.49 NOTE
r-devel-linux-x86_64-fedora-gcc 0.1 41.10 NOTE
r-devel-windows-x86_64 0.1 7.00 49.00 56.00 NOTE
r-patched-linux-x86_64 0.1 1.88 23.31 25.19 NOTE
r-release-linux-x86_64 0.1 1.84 23.45 25.29 NOTE
r-release-macos-arm64 0.1 16.00 NOTE
r-release-macos-x86_64 0.1 23.00 NOTE
r-release-windows-x86_64 0.1 11.00 48.00 59.00 NOTE
r-oldrel-macos-arm64 0.1 21.00 NOTE
r-oldrel-macos-x86_64 0.1 26.00 NOTE
r-oldrel-windows-ix86+x86_64 0.1 5.00 47.00 52.00 NOTE

Check Details

Version: 0.1
Check: LazyData
Result: NOTE
     'LazyData' is specified without a 'data' directory
Flavors: r-devel-linux-x86_64-debian-clang, r-devel-linux-x86_64-debian-gcc, r-devel-linux-x86_64-fedora-clang, r-devel-linux-x86_64-fedora-gcc, r-devel-windows-x86_64, r-patched-linux-x86_64, r-release-linux-x86_64, r-release-macos-arm64, r-release-macos-x86_64, r-release-windows-x86_64, r-oldrel-macos-arm64, r-oldrel-macos-x86_64, r-oldrel-windows-ix86+x86_64