CRAN Package Check Results for Package acc

Last updated on 2018-08-21 08:48:42 CEST.

Flavor Version Tinstall Tcheck Ttotal Status Flags
r-devel-linux-x86_64-debian-clang 1.3.3 46.90 61.96 108.86 NOTE
r-devel-linux-x86_64-debian-gcc 1.3.3 45.00 49.46 94.46 NOTE
r-devel-linux-x86_64-fedora-clang 1.3.3 148.21 NOTE
r-devel-linux-x86_64-fedora-gcc 1.3.3 144.11 NOTE
r-devel-windows-ix86+x86_64 1.3.3 128.00 97.00 225.00 OK
r-patched-linux-x86_64 1.3.3 58.44 55.89 114.33 NOTE
r-patched-solaris-x86 1.3.3 154.90 OK
r-release-linux-x86_64 1.3.3 52.24 55.07 107.31 NOTE
r-release-windows-ix86+x86_64 1.3.3 119.00 102.00 221.00 OK
r-release-osx-x86_64 1.3.3 OK
r-oldrel-windows-ix86+x86_64 1.3.3 83.00 96.00 179.00 OK
r-oldrel-osx-x86_64 1.3.3 OK

Check Details

Version: 1.3.3
Check: compiled code
Result: NOTE
    File ‘acc/libs/acc.so’:
     Found no calls to: ‘R_registerRoutines’, ‘R_useDynamicSymbols’
    
    It is good practice to register native routines and to disable symbol
    search.
    
    See ‘Writing portable packages’ in the ‘Writing R Extensions’ manual.
Flavors: r-devel-linux-x86_64-debian-clang, r-devel-linux-x86_64-debian-gcc, r-devel-linux-x86_64-fedora-clang, r-devel-linux-x86_64-fedora-gcc, r-patched-linux-x86_64, r-release-linux-x86_64