CRAN Package Check Results for Package acc

Last updated on 2018-05-21 21:47:39 CEST.

Flavor Version Tinstall Tcheck Ttotal Status Flags
r-devel-linux-x86_64-debian-clang 1.3.3 43.81 49.19 93.00 NOTE
r-devel-linux-x86_64-debian-gcc 1.3.3 40.54 43.90 84.44 NOTE
r-devel-linux-x86_64-fedora-clang 1.3.3 138.79 NOTE
r-devel-linux-x86_64-fedora-gcc 1.3.3 135.58 NOTE
r-devel-windows-ix86+x86_64 1.3.3 91.00 91.00 182.00 OK
r-patched-linux-x86_64 1.3.3 50.03 51.24 101.27 NOTE
r-patched-solaris-x86 1.3.3 145.00 OK
r-release-linux-x86_64 1.3.3 49.26 51.04 100.30 NOTE
r-release-windows-ix86+x86_64 1.3.3 125.00 88.00 213.00 OK
r-release-osx-x86_64 1.3.3 OK
r-oldrel-windows-ix86+x86_64 1.3.3 126.00 125.00 251.00 OK
r-oldrel-osx-x86_64 1.3.3 OK

Check Details

Version: 1.3.3
Check: compiled code
Result: NOTE
    File ‘acc/libs/acc.so’:
     Found no calls to: ‘R_registerRoutines’, ‘R_useDynamicSymbols’
    
    It is good practice to register native routines and to disable symbol
    search.
    
    See ‘Writing portable packages’ in the ‘Writing R Extensions’ manual.
Flavors: r-devel-linux-x86_64-debian-clang, r-devel-linux-x86_64-debian-gcc, r-devel-linux-x86_64-fedora-clang, r-devel-linux-x86_64-fedora-gcc, r-patched-linux-x86_64, r-release-linux-x86_64