CRAN Package Check Results for Package acc

Last updated on 2019-02-17 21:47:23 CET.

Flavor Version Tinstall Tcheck Ttotal Status Flags
r-devel-linux-x86_64-debian-clang 1.3.3 50.24 63.42 113.66 OK
r-devel-linux-x86_64-debian-gcc 1.3.3 37.39 48.09 85.48 OK
r-devel-linux-x86_64-fedora-clang 1.3.3 159.34 NOTE
r-devel-linux-x86_64-fedora-gcc 1.3.3 147.74 NOTE
r-devel-windows-ix86+x86_64 1.3.3 137.00 100.00 237.00 OK
r-patched-linux-x86_64 1.3.3 50.75 58.34 109.09 OK
r-patched-solaris-x86 1.3.3 158.30 OK
r-release-linux-x86_64 1.3.3 OK
r-release-windows-ix86+x86_64 1.3.3 96.00 152.00 248.00 OK
r-release-osx-x86_64 1.3.3 OK
r-oldrel-windows-ix86+x86_64 1.3.3 132.00 116.00 248.00 OK
r-oldrel-osx-x86_64 1.3.3 OK

Check Details

Version: 1.3.3
Check: compiled code
Result: NOTE
    File ‘acc/libs/acc.so’:
     Found no calls to: ‘R_registerRoutines’, ‘R_useDynamicSymbols’
    
    It is good practice to register native routines and to disable symbol
    search.
    
    See ‘Writing portable packages’ in the ‘Writing R Extensions’ manual.
Flavors: r-devel-linux-x86_64-fedora-clang, r-devel-linux-x86_64-fedora-gcc