CRAN Package Check Results for Package acc

Last updated on 2018-11-17 12:51:13 CET.

Flavor Version Tinstall Tcheck Ttotal Status Flags
r-devel-linux-x86_64-debian-clang 1.3.3 50.09 57.52 107.61 OK
r-devel-linux-x86_64-debian-gcc 1.3.3 45.05 45.42 90.47 OK
r-devel-linux-x86_64-fedora-clang 1.3.3 156.59 NOTE
r-devel-linux-x86_64-fedora-gcc 1.3.3 137.40 NOTE
r-devel-windows-ix86+x86_64 1.3.3 127.00 139.00 266.00 OK
r-patched-linux-x86_64 1.3.3 50.45 55.37 105.82 OK
r-patched-solaris-x86 1.3.3 162.90 OK
r-release-linux-x86_64 1.3.3 54.94 56.83 111.77 OK
r-release-windows-ix86+x86_64 1.3.3 129.00 131.00 260.00 OK
r-release-osx-x86_64 1.3.3 OK
r-oldrel-windows-ix86+x86_64 1.3.3 122.00 149.00 271.00 OK
r-oldrel-osx-x86_64 1.3.3 OK

Check Details

Version: 1.3.3
Check: compiled code
Result: NOTE
    File ‘acc/libs/acc.so’:
     Found no calls to: ‘R_registerRoutines’, ‘R_useDynamicSymbols’
    
    It is good practice to register native routines and to disable symbol
    search.
    
    See ‘Writing portable packages’ in the ‘Writing R Extensions’ manual.
Flavors: r-devel-linux-x86_64-fedora-clang, r-devel-linux-x86_64-fedora-gcc