CRAN Package Check Results for Package acc

Last updated on 2018-02-20 01:47:14 CET.

Flavor Version Tinstall Tcheck Ttotal Status Flags
r-devel-linux-x86_64-debian-clang 1.3.3 49.18 44.90 94.08 NOTE
r-devel-linux-x86_64-debian-gcc 1.3.3 36.90 40.12 77.02 NOTE
r-devel-linux-x86_64-fedora-clang 1.3.3 131.37 NOTE
r-devel-linux-x86_64-fedora-gcc 1.3.3 119.98 NOTE
r-devel-windows-ix86+x86_64 1.3.3 88.00 89.00 177.00 OK
r-patched-linux-x86_64 1.3.3 42.27 57.73 100.00 NOTE
r-patched-solaris-x86 1.3.3 142.10 OK
r-release-linux-x86_64 1.3.3 44.30 57.66 101.96 NOTE
r-release-windows-ix86+x86_64 1.3.3 123.00 123.00 246.00 OK
r-release-osx-x86_64 1.3.3 OK
r-oldrel-windows-ix86+x86_64 1.3.3 122.00 107.00 229.00 OK
r-oldrel-osx-x86_64 1.3.3 OK

Check Details

Version: 1.3.3
Check: compiled code
Result: NOTE
    File ‘acc/libs/acc.so’:
     Found no calls to: ‘R_registerRoutines’, ‘R_useDynamicSymbols’
    
    It is good practice to register native routines and to disable symbol
    search.
    
    See ‘Writing portable packages’ in the ‘Writing R Extensions’ manual.
Flavors: r-devel-linux-x86_64-debian-clang, r-devel-linux-x86_64-debian-gcc, r-devel-linux-x86_64-fedora-clang, r-devel-linux-x86_64-fedora-gcc, r-patched-linux-x86_64, r-release-linux-x86_64