CRAN Package Check Results for Package acca

Last updated on 2022-12-07 08:54:14 CET.

Flavor Version Tinstall Tcheck Ttotal Status Flags
r-devel-linux-x86_64-debian-clang 0.2 6.49 59.96 66.45 OK
r-devel-linux-x86_64-debian-gcc 0.2 4.20 44.53 48.73 OK
r-devel-linux-x86_64-fedora-clang 0.2 91.41 NOTE
r-devel-linux-x86_64-fedora-gcc 0.2 89.21 OK
r-devel-windows-x86_64 0.2 12.00 91.00 103.00 OK
r-patched-linux-x86_64 0.2 4.71 55.74 60.45 OK
r-release-linux-x86_64 0.2 6.55 56.20 62.75 OK
r-release-macos-arm64 0.2 26.00 OK
r-release-macos-x86_64 0.2 36.00 OK
r-release-windows-x86_64 0.2 13.00 89.00 102.00 OK
r-oldrel-macos-arm64 0.2 24.00 OK
r-oldrel-macos-x86_64 0.2 36.00 OK
r-oldrel-windows-ix86+x86_64 0.2 16.00 79.00 95.00 OK

Check Details

Version: 0.2
Check: Rd cross-references
Result: NOTE
    Undeclared package ‘CCA’ in Rd xrefs
Flavor: r-devel-linux-x86_64-fedora-clang