CRAN Package Check Results for Package acs

Last updated on 2022-11-29 04:52:23 CET.

Flavor Version Tinstall Tcheck Ttotal Status Flags
r-devel-linux-x86_64-debian-clang 2.1.4 9.01 60.04 69.05 OK
r-devel-linux-x86_64-debian-gcc 2.1.4 7.25 45.80 53.05 OK
r-devel-linux-x86_64-fedora-clang 2.1.4 97.28 NOTE
r-devel-linux-x86_64-fedora-gcc 2.1.4 94.34 NOTE
r-devel-windows-x86_64 2.1.4 14.00 91.00 105.00 OK
r-patched-linux-x86_64 2.1.4 8.87 55.81 64.68 OK
r-release-linux-x86_64 2.1.4 9.65 56.77 66.42 OK
r-release-macos-arm64 2.1.4 28.00 OK
r-release-macos-x86_64 2.1.4 37.00 OK
r-release-windows-x86_64 2.1.4 50.00 94.00 144.00 OK
r-oldrel-macos-arm64 2.1.4 33.00 OK
r-oldrel-macos-x86_64 2.1.4 52.00 OK
r-oldrel-windows-ix86+x86_64 2.1.4 21.00 85.00 106.00 OK

Check Details

Version: 2.1.4
Check: top-level files
Result: NOTE
    ‘configure’: /bin/bash is not portable
Flavors: r-devel-linux-x86_64-fedora-clang, r-devel-linux-x86_64-fedora-gcc