Last updated on 2022-05-16 05:50:05 CEST.
Flavor | Version | Tinstall | Tcheck | Ttotal | Status | Flags |
---|---|---|---|---|---|---|
r-devel-linux-x86_64-debian-clang | 1.2.1 | 27.33 | 212.98 | 240.31 | NOTE | |
r-devel-linux-x86_64-debian-gcc | 1.2.1 | 19.43 | 155.47 | 174.90 | NOTE | |
r-devel-linux-x86_64-fedora-clang | 1.2.1 | 273.77 | NOTE | |||
r-devel-linux-x86_64-fedora-gcc | 1.2.1 | 285.37 | NOTE | |||
r-devel-windows-x86_64 | 1.2.1 | 111.00 | 264.00 | 375.00 | OK | |
r-patched-linux-x86_64 | 1.2.1 | 22.77 | 200.98 | 223.75 | NOTE | |
r-release-linux-x86_64 | 1.2.1 | 17.11 | 198.97 | 216.08 | NOTE | |
r-release-macos-arm64 | 1.2.1 | 77.00 | NOTE | |||
r-release-macos-x86_64 | 1.2.1 | 136.00 | NOTE | |||
r-release-windows-x86_64 | 1.2.1 | 115.00 | 290.00 | 405.00 | OK | |
r-oldrel-macos-arm64 | 1.2.1 | 98.00 | NOTE | |||
r-oldrel-macos-x86_64 | 1.2.1 | 140.00 | NOTE | |||
r-oldrel-windows-ix86+x86_64 | 1.2.1 | 44.00 | 246.00 | 290.00 | OK |
Version: 1.2.1
Check: package dependencies
Result: NOTE
Packages suggested but not available for checking:
'RGtk2', 'gWidgets2RGtk2'
Flavors: r-devel-linux-x86_64-debian-clang, r-devel-linux-x86_64-debian-gcc, r-devel-linux-x86_64-fedora-clang, r-devel-linux-x86_64-fedora-gcc, r-patched-linux-x86_64, r-release-linux-x86_64, r-release-macos-arm64, r-release-macos-x86_64, r-oldrel-macos-arm64
Version: 1.2.1
Check: installed package size
Result: NOTE
installed size is 5.0Mb
sub-directories of 1Mb or more:
doc 3.7Mb
Flavors: r-devel-linux-x86_64-fedora-clang, r-release-macos-arm64, r-release-macos-x86_64, r-oldrel-macos-arm64, r-oldrel-macos-x86_64
Version: 1.2.1
Check: dependencies in R code
Result: NOTE
Namespace in Imports field not imported from: ‘svglite’
All declared Imports should be used.
Flavors: r-devel-linux-x86_64-fedora-clang, r-devel-linux-x86_64-fedora-gcc, r-release-macos-arm64, r-release-macos-x86_64, r-oldrel-macos-arm64, r-oldrel-macos-x86_64