CRAN Package Check Results for Package activAnalyzer

Last updated on 2022-11-26 10:57:53 CET.

Flavor Version Tinstall Tcheck Ttotal Status Flags
r-devel-linux-x86_64-debian-clang 1.0.5 22.91 228.06 250.97 OK
r-devel-linux-x86_64-debian-gcc 1.0.5 19.10 160.77 179.87 OK
r-devel-linux-x86_64-fedora-clang 1.0.5 326.13 NOTE
r-devel-windows-x86_64 1.0.5 68.00 254.00 322.00 OK
r-patched-linux-x86_64 1.0.5 OK
r-release-linux-x86_64 1.0.5 19.42 209.32 228.74 OK
r-release-macos-arm64 1.0.5 87.00 NOTE
r-release-macos-x86_64 1.0.5 108.00 NOTE
r-release-windows-x86_64 1.0.5 128.00 253.00 381.00 OK
r-oldrel-macos-arm64 1.0.5 87.00 NOTE
r-oldrel-macos-x86_64 1.0.5 108.00 NOTE
r-oldrel-windows-ix86+x86_64 1.0.5 49.00 262.00 311.00 OK

Check Details

Version: 1.0.5
Check: package dependencies
Result: NOTE
    Imports includes 24 non-default packages.
    Importing from so many packages makes the package vulnerable to any of
    them becoming unavailable. Move as many as possible to Suggests and
    use conditionally.
Flavor: r-devel-linux-x86_64-fedora-clang

Version: 1.0.5
Check: dependencies in R code
Result: NOTE
    Namespace in Imports field not imported from: ‘patchwork’
     All declared Imports should be used.
Flavors: r-devel-linux-x86_64-fedora-clang, r-release-macos-arm64, r-release-macos-x86_64, r-oldrel-macos-arm64, r-oldrel-macos-x86_64