CRAN Package Check Results for Package adaHuber

Last updated on 2023-09-25 14:00:53 CEST.

Flavor Version Tinstall Tcheck Ttotal Status Flags
r-devel-linux-x86_64-debian-clang 1.1 43.28 31.71 74.99 NOTE
r-devel-linux-x86_64-debian-gcc 1.1 28.53 24.26 52.79 NOTE
r-devel-linux-x86_64-fedora-clang 1.1 101.19 NOTE
r-devel-linux-x86_64-fedora-gcc 1.1 104.74 NOTE
r-devel-windows-x86_64 1.1 34.00 67.00 101.00 NOTE
r-patched-linux-x86_64 1.1 40.07 30.43 70.50 NOTE
r-release-linux-x86_64 1.1 41.99 30.94 72.93 NOTE
r-release-macos-arm64 1.1 29.00 NOTE
r-release-macos-x86_64 1.1 47.00 NOTE
r-release-windows-x86_64 1.1 42.00 75.00 117.00 NOTE
r-oldrel-macos-arm64 1.1 29.00 OK
r-oldrel-macos-x86_64 1.1 41.00 OK
r-oldrel-windows-x86_64 1.1 38.00 71.00 109.00 OK

Check Details

Version: 1.1
Check: C++ specification
Result: NOTE
     Specified C++11: please drop specification unless essential
Flavors: r-devel-linux-x86_64-debian-clang, r-devel-linux-x86_64-debian-gcc, r-devel-linux-x86_64-fedora-clang, r-devel-linux-x86_64-fedora-gcc, r-devel-windows-x86_64, r-patched-linux-x86_64, r-release-linux-x86_64, r-release-macos-arm64, r-release-macos-x86_64, r-release-windows-x86_64