CRAN Package Check Results for Package adamethods

Last updated on 2019-09-18 05:46:52 CEST.

Flavor Version Tinstall Tcheck Ttotal Status Flags
r-devel-linux-x86_64-debian-clang 1.2 15.56 113.19 128.75 OK
r-devel-linux-x86_64-debian-gcc 1.2 12.56 85.93 98.49 OK
r-devel-linux-x86_64-fedora-clang 1.2 151.70 OK
r-devel-linux-x86_64-fedora-gcc 1.2 148.25 OK
r-devel-windows-ix86+x86_64 1.2 65.00 128.00 193.00 OK
r-patched-linux-x86_64 1.2 15.95 108.59 124.54 OK
r-patched-solaris-x86 1.2 239.50 OK
r-release-linux-x86_64 1.2 15.13 110.54 125.67 OK
r-release-windows-ix86+x86_64 1.2 36.00 189.00 225.00 OK
r-release-osx-x86_64 1.2 WARN
r-oldrel-windows-ix86+x86_64 1.2 41.00 125.00 166.00 OK
r-oldrel-osx-x86_64 1.2 WARN

Check Details

Version: 1.2
Check: whether package can be installed
Result: WARN
    Found the following significant warnings:
     Warning: 'rgl_init' failed, running with rgl.useNULL = TRUE
Flavors: r-release-osx-x86_64, r-oldrel-osx-x86_64