CRAN Package Check Results for Package adapr

Last updated on 2018-02-21 11:53:58 CET.

Flavor Version Tinstall Tcheck Ttotal Status Flags
r-devel-linux-x86_64-debian-clang 2.0.0 6.03 43.13 49.16 OK
r-devel-linux-x86_64-debian-gcc 2.0.0 4.91 33.72 38.63 OK
r-devel-linux-x86_64-fedora-clang 2.0.0 60.73 NOTE
r-devel-linux-x86_64-fedora-gcc 2.0.0 58.22 NOTE
r-devel-windows-ix86+x86_64 2.0.0 15.00 52.00 67.00 OK
r-patched-linux-x86_64 2.0.0 2.74 45.39 48.13 OK
r-patched-solaris-x86 2.0.0 69.80 NOTE
r-release-linux-x86_64 2.0.0 1.83 44.84 46.67 OK
r-release-windows-ix86+x86_64 2.0.0 15.00 69.00 84.00 OK
r-release-osx-x86_64 2.0.0 NOTE
r-oldrel-windows-ix86+x86_64 2.0.0 7.00 53.00 60.00 OK
r-oldrel-osx-x86_64 2.0.0 NOTE

Check Details

Version: 2.0.0
Check: dependencies in R code
Result: NOTE
    Namespaces in Imports field not imported from:
     ‘plotly’ ‘shinydashboard’
     All declared Imports should be used.
Flavors: r-devel-linux-x86_64-fedora-clang, r-devel-linux-x86_64-fedora-gcc, r-patched-solaris-x86, r-release-osx-x86_64, r-oldrel-osx-x86_64