CRAN Package Check Results for Package adapr

Last updated on 2018-05-26 00:46:17 CEST.

Flavor Version Tinstall Tcheck Ttotal Status Flags
r-devel-linux-x86_64-debian-clang 2.0.0 7.06 44.36 51.42 OK
r-devel-linux-x86_64-debian-gcc 2.0.0 5.70 34.28 39.98 OK
r-devel-linux-x86_64-fedora-clang 2.0.0 64.15 NOTE
r-devel-linux-x86_64-fedora-gcc 2.0.0 58.73 NOTE
r-devel-windows-ix86+x86_64 2.0.0 11.00 59.00 70.00 OK
r-patched-linux-x86_64 2.0.0 5.13 42.79 47.92 OK
r-patched-solaris-x86 2.0.0 80.40 NOTE
r-release-linux-x86_64 2.0.0 5.94 43.07 49.01 OK
r-release-windows-ix86+x86_64 2.0.0 18.00 73.00 91.00 OK
r-release-osx-x86_64 2.0.0 NOTE
r-oldrel-windows-ix86+x86_64 2.0.0 14.00 51.00 65.00 OK
r-oldrel-osx-x86_64 2.0.0 NOTE

Check Details

Version: 2.0.0
Check: dependencies in R code
Result: NOTE
    Namespaces in Imports field not imported from:
     ‘plotly’ ‘shinydashboard’
     All declared Imports should be used.
Flavors: r-devel-linux-x86_64-fedora-clang, r-devel-linux-x86_64-fedora-gcc, r-patched-solaris-x86, r-release-osx-x86_64, r-oldrel-osx-x86_64