CRAN Package Check Results for Package adapr

Last updated on 2018-11-13 01:46:10 CET.

Flavor Version Tinstall Tcheck Ttotal Status Flags
r-devel-linux-x86_64-debian-clang 2.0.0 5.59 46.40 51.99 NOTE
r-devel-linux-x86_64-debian-gcc 2.0.0 5.48 36.86 42.34 NOTE
r-devel-linux-x86_64-fedora-clang 2.0.0 62.67 NOTE
r-devel-linux-x86_64-fedora-gcc 2.0.0 59.62 NOTE
r-devel-windows-ix86+x86_64 2.0.0 12.00 56.00 68.00 NOTE
r-patched-linux-x86_64 2.0.0 5.88 43.81 49.69 NOTE
r-patched-solaris-x86 2.0.0 82.30 NOTE
r-release-linux-x86_64 2.0.0 6.62 43.36 49.98 NOTE
r-release-windows-ix86+x86_64 2.0.0 18.00 59.00 77.00 NOTE
r-release-osx-x86_64 2.0.0 NOTE
r-oldrel-windows-ix86+x86_64 2.0.0 11.00 77.00 88.00 NOTE
r-oldrel-osx-x86_64 2.0.0 NOTE

Check Details

Version: 2.0.0
Check: dependencies in R code
Result: NOTE
    Missing or unexported object: ‘devtools::clean_source’
Flavors: r-devel-linux-x86_64-debian-clang, r-devel-linux-x86_64-debian-gcc, r-devel-windows-ix86+x86_64, r-patched-linux-x86_64, r-release-linux-x86_64, r-release-windows-ix86+x86_64, r-oldrel-windows-ix86+x86_64

Version: 2.0.0
Check: dependencies in R code
Result: NOTE
    Namespaces in Imports field not imported from:
     ‘plotly’ ‘shinydashboard’
     All declared Imports should be used.
    Missing or unexported object: ‘devtools::clean_source’
Flavors: r-devel-linux-x86_64-fedora-clang, r-devel-linux-x86_64-fedora-gcc, r-patched-solaris-x86

Version: 2.0.0
Check: dependencies in R code
Result: NOTE
    Namespaces in Imports field not imported from:
     ‘plotly’ ‘shinydashboard’
     All declared Imports should be used.
Flavors: r-release-osx-x86_64, r-oldrel-osx-x86_64