Last updated on 2021-01-22 01:49:20 CET.
Flavor | Version | Tinstall | Tcheck | Ttotal | Status | Flags |
---|---|---|---|---|---|---|
r-devel-linux-x86_64-debian-clang | 1.3 | 6.45 | 61.09 | 67.54 | OK | |
r-devel-linux-x86_64-debian-gcc | 1.3 | 5.51 | 47.11 | 52.62 | OK | |
r-devel-linux-x86_64-fedora-clang | 1.3 | 89.88 | NOTE | |||
r-devel-linux-x86_64-fedora-gcc | 1.3 | 79.57 | OK | |||
r-devel-windows-ix86+x86_64 | 1.3 | 16.00 | 82.00 | 98.00 | OK | |
r-patched-linux-x86_64 | 1.3 | 6.93 | 57.40 | 64.33 | OK | |
r-patched-solaris-x86 | 1.3 | 128.60 | OK | |||
r-release-linux-x86_64 | 1.3 | 6.69 | 56.69 | 63.38 | OK | |
r-release-macos-x86_64 | 1.3 | OK | ||||
r-release-windows-ix86+x86_64 | 1.3 | 12.00 | 104.00 | 116.00 | OK | |
r-oldrel-macos-x86_64 | 1.3 | OK | ||||
r-oldrel-windows-ix86+x86_64 | 1.3 | 11.00 | 60.00 | 71.00 | OK |
Version: 1.3
Check: Rd cross-references
Result: NOTE
Undeclared packages ‘HI’, ‘MHadaptive’ in Rd xrefs
Flavor: r-devel-linux-x86_64-fedora-clang