CRAN Package Check Results for Package adaptiveGPCA

Last updated on 2018-05-26 02:48:17 CEST.

Flavor Version Tinstall Tcheck Ttotal Status Flags
r-devel-linux-x86_64-debian-clang 0.1.2 15.21 257.76 272.97 OK
r-devel-linux-x86_64-debian-gcc 0.1.2 15.42 199.71 215.13 OK
r-devel-linux-x86_64-fedora-clang 0.1.2 348.30 OK
r-devel-linux-x86_64-fedora-gcc 0.1.2 323.82 OK
r-devel-windows-ix86+x86_64 0.1.2 30.00 227.00 257.00 OK
r-patched-linux-x86_64 0.1.2 12.11 208.09 220.20 OK
r-patched-solaris-x86 0.1.2 4.00 ERROR
r-release-linux-x86_64 0.1.2 12.64 204.30 216.94 OK
r-release-windows-ix86+x86_64 0.1.2 34.00 264.00 298.00 OK
r-release-osx-x86_64 0.1.2 OK
r-oldrel-windows-ix86+x86_64 0.1.2 35.00 200.00 235.00 OK
r-oldrel-osx-x86_64 0.1.2 OK

Check Details

Version: 0.1.2
Check: package dependencies
Result: ERROR
    Package required but not available: ‘phyloseq’
    
    See section ‘The DESCRIPTION file’ in the ‘Writing R Extensions’
    manual.
Flavor: r-patched-solaris-x86