CRAN Package Check Results for Package adaptiveGPCA

Last updated on 2019-01-23 08:48:54 CET.

Flavor Version Tinstall Tcheck Ttotal Status Flags
r-devel-linux-x86_64-debian-clang 0.1.2 0.63 2.38 3.01 ERROR
r-devel-linux-x86_64-debian-gcc 0.1.2 12.55 176.91 189.46 OK
r-devel-linux-x86_64-fedora-clang 0.1.2 290.73 OK
r-devel-linux-x86_64-fedora-gcc 0.1.2 270.56 OK
r-devel-windows-ix86+x86_64 0.1.2 37.00 294.00 331.00 OK
r-patched-linux-x86_64 0.1.2 14.47 215.49 229.96 OK
r-patched-solaris-x86 0.1.2 464.60 OK
r-release-linux-x86_64 0.1.2 17.14 214.89 232.03 OK
r-release-windows-ix86+x86_64 0.1.2 23.00 293.00 316.00 OK
r-release-osx-x86_64 0.1.2 OK
r-oldrel-windows-ix86+x86_64 0.1.2 30.00 294.00 324.00 OK
r-oldrel-osx-x86_64 0.1.2 OK

Check Details

Version: 0.1.2
Check: package dependencies
Result: ERROR
    Package required but not available: ‘phyloseq’
    
    See section ‘The DESCRIPTION file’ in the ‘Writing R Extensions’
    manual.
Flavor: r-devel-linux-x86_64-debian-clang