CRAN Package Check Results for Package adaptiveGPCA

Last updated on 2018-08-15 18:47:45 CEST.

Flavor Version Tinstall Tcheck Ttotal Status Flags
r-devel-linux-x86_64-debian-clang 0.1.2 16.19 261.81 278.00 OK
r-devel-linux-x86_64-debian-gcc 0.1.2 16.58 207.39 223.97 OK
r-devel-linux-x86_64-fedora-clang 0.1.2 330.72 OK
r-devel-linux-x86_64-fedora-gcc 0.1.2 323.11 OK
r-devel-windows-ix86+x86_64 0.1.2 25.00 226.00 251.00 OK
r-patched-linux-x86_64 0.1.2 13.73 214.80 228.53 OK
r-patched-solaris-x86 0.1.2 4.10 ERROR
r-release-linux-x86_64 0.1.2 16.31 213.19 229.50 OK
r-release-windows-ix86+x86_64 0.1.2 28.00 239.00 267.00 OK
r-release-osx-x86_64 0.1.2 OK
r-oldrel-windows-ix86+x86_64 0.1.2 38.00 231.00 269.00 OK
r-oldrel-osx-x86_64 0.1.2 OK

Check Details

Version: 0.1.2
Check: package dependencies
Result: ERROR
    Package required but not available: ‘phyloseq’
    
    See section ‘The DESCRIPTION file’ in the ‘Writing R Extensions’
    manual.
Flavor: r-patched-solaris-x86