CRAN Package Check Results for Package adbi

Last updated on 2024-07-18 03:56:30 CEST.

Flavor Version Tinstall Tcheck Ttotal Status Flags
r-devel-linux-x86_64-debian-clang 0.1.1 8.53 43.14 51.67 OK
r-devel-linux-x86_64-debian-gcc 0.1.1 5.62 32.66 38.28 OK
r-devel-linux-x86_64-fedora-clang 0.1.1 64.62 OK
r-devel-linux-x86_64-fedora-gcc 0.1.1 64.30 OK
r-devel-windows-x86_64 0.1.1 7.00 53.00 60.00 NOTE
r-patched-linux-x86_64 0.1.1 11.76 41.51 53.27 OK
r-release-linux-x86_64 0.1.1 7.37 42.20 49.57 OK
r-release-macos-arm64 0.1.1 24.00 OK
r-release-macos-x86_64 0.1.1 55.00 NOTE
r-release-windows-x86_64 0.1.1 7.00 53.00 60.00 OK
r-oldrel-macos-arm64 0.1.1 29.00 OK
r-oldrel-macos-x86_64 0.1.1 56.00 OK
r-oldrel-windows-x86_64 0.1.1 9.00 58.00 67.00 OK

Check Details

Version: 0.1.1
Check: Rd cross-references
Result: NOTE Found the following Rd file(s) with Rd \link{} targets missing package anchors: AdbiConnection-class.Rd: DBIConnection-class, DBIDriver-class AdbiDriver-class.Rd: dbConnect, DBIDriver-class, DBIConnection-class AdbiResult-class.Rd: DBIResult-class, DBIObject-class, DBIDriver-class, DBIConnection-class AdbiResultArrow-class.Rd: DBIResultArrow-class, DBIResult-class, DBIObject-class, DBIDriver-class, DBIConnection-class dbConnect.Rd: DBIDriver-class, DBIConnection-class, dbConnect, dbDisconnect dbFetch.Rd: dbFetch, DBIResult-class dbSendQuery.Rd: dbSendQuery, dbGetQuery, DBIConnection-class, dbBind, DBIResult-class Please provide package anchors for all Rd \link{} targets not in the package itself and the base packages. Flavor: r-devel-windows-x86_64

Version: 0.1.1
Check: package dependencies
Result: NOTE Packages suggested but not available for checking: 'adbcsqlite', 'arrow' Flavor: r-release-macos-x86_64