CRAN Package Check Results for Package add2ggplot

Last updated on 2024-02-21 01:49:13 CET.

Flavor Version Tinstall Tcheck Ttotal Status Flags
r-devel-linux-x86_64-debian-clang 0.3.0 NOTE
r-devel-linux-x86_64-debian-gcc 0.3.0 4.87 42.84 47.71 NOTE
r-devel-linux-x86_64-fedora-clang 0.3.0 79.88 NOTE
r-devel-linux-x86_64-fedora-gcc 0.3.0 91.48 NOTE
r-devel-windows-x86_64 0.3.0 7.00 63.00 70.00 NOTE
r-patched-linux-x86_64 0.3.0 6.13 54.01 60.14 NOTE
r-release-linux-x86_64 0.3.0 4.62 55.19 59.81 NOTE
r-release-macos-arm64 0.3.0 35.00 NOTE
r-release-macos-x86_64 0.3.0 53.00 NOTE
r-release-windows-x86_64 0.3.0 8.00 71.00 79.00 NOTE
r-oldrel-macos-arm64 0.3.0 27.00 NOTE
r-oldrel-windows-x86_64 0.3.0 8.00 76.00 84.00 NOTE

Check Details

Version: 0.3.0
Check: LazyData
Result: NOTE 'LazyData' is specified without a 'data' directory Flavors: r-devel-linux-x86_64-debian-clang, r-devel-linux-x86_64-debian-gcc, r-devel-linux-x86_64-fedora-clang, r-devel-linux-x86_64-fedora-gcc, r-devel-windows-x86_64, r-patched-linux-x86_64, r-release-linux-x86_64, r-release-macos-arm64, r-release-macos-x86_64, r-release-windows-x86_64, r-oldrel-macos-arm64, r-oldrel-windows-x86_64