CRAN Package Check Results for Package additivityTests

Last updated on 2018-02-23 08:48:22 CET.

Flavor Version Tinstall Tcheck Ttotal Status Flags
r-devel-linux-x86_64-debian-clang 1.1-4 1.07 29.78 30.85 NOTE
r-devel-linux-x86_64-debian-gcc 1.1-4 0.86 24.65 25.51 NOTE
r-devel-linux-x86_64-fedora-clang 1.1-4 39.53 NOTE
r-devel-linux-x86_64-fedora-gcc 1.1-4 38.23 NOTE
r-devel-windows-ix86+x86_64 1.1-4 5.00 58.00 63.00 NOTE
r-patched-linux-x86_64 1.1-4 0.69 32.13 32.82 NOTE
r-patched-solaris-x86 1.1-4 50.90 NOTE
r-release-linux-x86_64 1.1-4 0.69 32.60 33.29 NOTE
r-release-windows-ix86+x86_64 1.1-4 3.00 58.00 61.00 NOTE
r-release-osx-x86_64 1.1-4 NOTE
r-oldrel-windows-ix86+x86_64 1.1-4 3.00 39.00 42.00 NOTE
r-oldrel-osx-x86_64 1.1-4 NOTE

Check Details

Version: 1.1-4
Check: R code for possible problems
Result: NOTE
    critical.values: no visible global function definition for ‘rnorm’
    critical.values: no visible global function definition for ‘quantile’
    mandel.test: no visible global function definition for ‘qf’
    mtukey.test : p.test: no visible global function definition for ‘qf’
    mtukey.test: no visible binding for global variable ‘quantile’
    mtukey.test: no visible global function definition for ‘rnorm’
    tukey.test: no visible global function definition for ‘qf’
    Undefined global functions or variables:
     qf quantile rnorm
    Consider adding
     importFrom("stats", "qf", "quantile", "rnorm")
    to your NAMESPACE file.
Flavors: r-devel-linux-x86_64-debian-clang, r-devel-linux-x86_64-debian-gcc, r-devel-linux-x86_64-fedora-clang, r-devel-linux-x86_64-fedora-gcc, r-devel-windows-ix86+x86_64, r-patched-linux-x86_64, r-patched-solaris-x86, r-release-linux-x86_64, r-release-windows-ix86+x86_64, r-release-osx-x86_64, r-oldrel-windows-ix86+x86_64, r-oldrel-osx-x86_64