CRAN Package Check Results for Package additivityTests

Last updated on 2018-05-24 11:49:18 CEST.

Flavor Version Tinstall Tcheck Ttotal Status Flags
r-devel-linux-x86_64-debian-clang 1.1-4 1.03 28.62 29.65 NOTE
r-devel-linux-x86_64-debian-gcc 1.1-4 0.74 25.15 25.89 NOTE
r-devel-linux-x86_64-fedora-clang 1.1-4 41.56 NOTE
r-devel-linux-x86_64-fedora-gcc 1.1-4 39.94 NOTE
r-devel-windows-ix86+x86_64 1.1-4 3.00 63.00 66.00 NOTE
r-patched-linux-x86_64 1.1-4 1.18 31.68 32.86 NOTE
r-patched-solaris-x86 1.1-4 58.60 NOTE
r-release-linux-x86_64 1.1-4 1.10 31.83 32.93 NOTE
r-release-windows-ix86+x86_64 1.1-4 4.00 47.00 51.00 NOTE
r-release-osx-x86_64 1.1-4 WARN
r-oldrel-windows-ix86+x86_64 1.1-4 5.00 39.00 44.00 NOTE
r-oldrel-osx-x86_64 1.1-4 NOTE

Check Details

Version: 1.1-4
Check: R code for possible problems
Result: NOTE
    critical.values: no visible global function definition for ‘rnorm’
    critical.values: no visible global function definition for ‘quantile’
    mandel.test: no visible global function definition for ‘qf’
    mtukey.test : p.test: no visible global function definition for ‘qf’
    mtukey.test: no visible binding for global variable ‘quantile’
    mtukey.test: no visible global function definition for ‘rnorm’
    tukey.test: no visible global function definition for ‘qf’
    Undefined global functions or variables:
     qf quantile rnorm
    Consider adding
     importFrom("stats", "qf", "quantile", "rnorm")
    to your NAMESPACE file.
Flavors: r-devel-linux-x86_64-debian-clang, r-devel-linux-x86_64-debian-gcc, r-devel-linux-x86_64-fedora-clang, r-devel-linux-x86_64-fedora-gcc, r-devel-windows-ix86+x86_64, r-patched-linux-x86_64, r-patched-solaris-x86, r-release-linux-x86_64, r-release-windows-ix86+x86_64, r-release-osx-x86_64, r-oldrel-windows-ix86+x86_64, r-oldrel-osx-x86_64

Version: 1.1-4
Check: re-building of vignette outputs
Result: WARN
    Error in re-building vignettes:
     ...
    Error: processing vignette 'additivityTests-vignette.Rmd' failed with diagnostics:
    shared object 'stringi.so' not found
    Execution halted
Flavor: r-release-osx-x86_64