CRAN Package Check Results for Package additivityTests

Last updated on 2018-08-19 11:47:41 CEST.

Flavor Version Tinstall Tcheck Ttotal Status Flags
r-devel-linux-x86_64-debian-clang 1.1-4 1.26 33.74 35.00 NOTE
r-devel-linux-x86_64-debian-gcc 1.1-4 0.85 26.15 27.00 NOTE
r-devel-linux-x86_64-fedora-clang 1.1-4 41.35 NOTE
r-devel-linux-x86_64-fedora-gcc 1.1-4 39.45 NOTE
r-devel-windows-ix86+x86_64 1.1-4 4.00 59.00 63.00 NOTE
r-patched-linux-x86_64 1.1-4 1.12 32.03 33.15 NOTE
r-patched-solaris-x86 1.1-4 58.20 NOTE
r-release-linux-x86_64 1.1-4 1.21 32.13 33.34 NOTE
r-release-windows-ix86+x86_64 1.1-4 4.00 61.00 65.00 NOTE
r-release-osx-x86_64 1.1-4 WARN
r-oldrel-windows-ix86+x86_64 1.1-4 2.00 59.00 61.00 NOTE
r-oldrel-osx-x86_64 1.1-4 NOTE

Check Details

Version: 1.1-4
Check: R code for possible problems
Result: NOTE
    critical.values: no visible global function definition for ‘rnorm’
    critical.values: no visible global function definition for ‘quantile’
    mandel.test: no visible global function definition for ‘qf’
    mtukey.test : p.test: no visible global function definition for ‘qf’
    mtukey.test: no visible binding for global variable ‘quantile’
    mtukey.test: no visible global function definition for ‘rnorm’
    tukey.test: no visible global function definition for ‘qf’
    Undefined global functions or variables:
     qf quantile rnorm
    Consider adding
     importFrom("stats", "qf", "quantile", "rnorm")
    to your NAMESPACE file.
Flavors: r-devel-linux-x86_64-debian-clang, r-devel-linux-x86_64-debian-gcc, r-devel-linux-x86_64-fedora-clang, r-devel-linux-x86_64-fedora-gcc, r-devel-windows-ix86+x86_64, r-patched-linux-x86_64, r-patched-solaris-x86, r-release-linux-x86_64, r-release-windows-ix86+x86_64, r-release-osx-x86_64, r-oldrel-windows-ix86+x86_64, r-oldrel-osx-x86_64

Version: 1.1-4
Check: re-building of vignette outputs
Result: WARN
    Error in re-building vignettes:
     ...
    Error: processing vignette 'additivityTests-vignette.Rmd' failed with diagnostics:
    shared object 'stringi.so' not found
    Execution halted
Flavor: r-release-osx-x86_64