CRAN Package Check Results for Package adegenet

Last updated on 2018-05-24 08:48:29 CEST.

Flavor Version Tinstall Tcheck Ttotal Status Flags
r-devel-linux-x86_64-debian-clang 2.1.1 25.15 157.86 183.01 OK
r-devel-linux-x86_64-debian-gcc 2.1.1 21.89 136.05 157.94 OK
r-devel-linux-x86_64-fedora-clang 2.1.1 245.73 OK
r-devel-linux-x86_64-fedora-gcc 2.1.1 235.31 OK
r-devel-windows-ix86+x86_64 2.1.1 39.00 212.00 251.00 OK
r-patched-linux-x86_64 2.1.1 23.83 158.50 182.33 OK
r-patched-solaris-x86 2.1.1 307.30 NOTE
r-release-linux-x86_64 2.1.1 21.52 155.35 176.87 OK
r-release-windows-ix86+x86_64 2.1.1 61.00 292.00 353.00 OK
r-release-osx-x86_64 2.1.1 OK
r-oldrel-windows-ix86+x86_64 2.1.1 43.00 280.00 323.00 OK
r-oldrel-osx-x86_64 2.1.1 OK

Check Details

Version: 2.1.1
Check: installed package size
Result: NOTE
     installed size is 5.4Mb
     sub-directories of 1Mb or more:
     R 1.4Mb
     data 1.3Mb
     files 1.9Mb
Flavor: r-patched-solaris-x86