CRAN Package Check Results for Package adegenet

Last updated on 2018-11-19 06:46:42 CET.

Flavor Version Tinstall Tcheck Ttotal Status Flags
r-devel-linux-x86_64-debian-clang OK
r-devel-linux-x86_64-debian-gcc 2.1.1 18.75 128.72 147.47 OK
r-devel-linux-x86_64-fedora-clang 2.1.1 223.59 OK
r-devel-linux-x86_64-fedora-gcc 2.1.1 212.77 OK
r-devel-windows-ix86+x86_64 2.1.1 57.00 245.00 302.00 OK
r-patched-linux-x86_64 2.1.1 24.03 157.93 181.96 OK
r-patched-solaris-x86 2.1.1 311.00 NOTE
r-release-linux-x86_64 2.1.1 23.71 161.60 185.31 OK
r-release-windows-ix86+x86_64 2.1.1 59.00 219.00 278.00 OK
r-release-osx-x86_64 2.1.1 OK
r-oldrel-windows-ix86+x86_64 2.1.1 26.00 331.00 357.00 OK
r-oldrel-osx-x86_64 2.1.1 OK

Check Details

Version: 2.1.1
Check: installed package size
Result: NOTE
     installed size is 5.4Mb
     sub-directories of 1Mb or more:
     R 1.4Mb
     data 1.3Mb
     files 1.9Mb
Flavor: r-patched-solaris-x86