CRAN Package Check Results for Package adegenet

Last updated on 2019-02-16 18:46:08 CET.

Flavor Version Tinstall Tcheck Ttotal Status Flags
r-devel-linux-x86_64-debian-clang 2.1.1 26.68 186.31 212.99 OK
r-devel-linux-x86_64-debian-gcc 2.1.1 21.27 148.74 170.01 OK
r-devel-linux-x86_64-fedora-clang 2.1.1 257.66 OK
r-devel-linux-x86_64-fedora-gcc 2.1.1 245.11 OK
r-devel-windows-ix86+x86_64 2.1.1 66.00 286.00 352.00 OK
r-patched-linux-x86_64 2.1.1 24.81 169.50 194.31 OK
r-patched-solaris-x86 2.1.1 369.50 NOTE
r-release-linux-x86_64 2.1.1 OK
r-release-windows-ix86+x86_64 2.1.1 41.00 212.00 253.00 OK
r-release-osx-x86_64 2.1.1 OK
r-oldrel-windows-ix86+x86_64 2.1.1 48.00 332.00 380.00 OK
r-oldrel-osx-x86_64 2.1.1 OK

Check Details

Version: 2.1.1
Check: installed package size
Result: NOTE
     installed size is 5.4Mb
     sub-directories of 1Mb or more:
     R 1.4Mb
     data 1.3Mb
     files 1.9Mb
Flavor: r-patched-solaris-x86