CRAN Package Check Results for Package adegenet

Last updated on 2018-08-20 09:47:28 CEST.

Flavor Version Tinstall Tcheck Ttotal Status Flags
r-devel-linux-x86_64-debian-clang 2.1.1 21.70 180.14 201.84 OK
r-devel-linux-x86_64-debian-gcc 2.1.1 22.64 141.76 164.40 OK
r-devel-linux-x86_64-fedora-clang 2.1.1 240.86 OK
r-devel-linux-x86_64-fedora-gcc 2.1.1 232.72 OK
r-devel-windows-ix86+x86_64 2.1.1 59.00 298.00 357.00 OK
r-patched-linux-x86_64 2.1.1 23.55 157.35 180.90 OK
r-patched-solaris-x86 2.1.1 310.10 NOTE
r-release-linux-x86_64 2.1.1 19.32 161.22 180.54 OK
r-release-windows-ix86+x86_64 2.1.1 61.00 286.00 347.00 OK
r-release-osx-x86_64 2.1.1 OK
r-oldrel-windows-ix86+x86_64 2.1.1 28.00 253.00 281.00 OK
r-oldrel-osx-x86_64 2.1.1 OK

Check Details

Version: 2.1.1
Check: installed package size
Result: NOTE
     installed size is 5.4Mb
     sub-directories of 1Mb or more:
     R 1.4Mb
     data 1.3Mb
     files 1.9Mb
Flavor: r-patched-solaris-x86