CRAN Package Check Results for Package adegraphics

Last updated on 2018-08-17 21:47:57 CEST.

Flavor Version Tinstall Tcheck Ttotal Status Flags
r-devel-linux-x86_64-debian-clang 1.0-10 26.35 306.83 333.18 OK
r-devel-linux-x86_64-debian-gcc 1.0-10 23.04 241.45 264.49 OK
r-devel-linux-x86_64-fedora-clang 1.0-10 398.58 OK
r-devel-linux-x86_64-fedora-gcc 1.0-10 393.87 OK
r-devel-windows-ix86+x86_64 1.0-10 35.00 388.00 423.00 OK
r-patched-linux-x86_64 1.0-10 25.68 294.00 319.68 OK
r-patched-solaris-x86 1.0-10 501.90 NOTE
r-release-linux-x86_64 1.0-10 23.43 293.95 317.38 OK
r-release-windows-ix86+x86_64 1.0-10 47.00 390.00 437.00 OK
r-release-osx-x86_64 1.0-10 OK
r-oldrel-windows-ix86+x86_64 1.0-10 11.00 372.00 383.00 OK
r-oldrel-osx-x86_64 1.0-10 OK

Check Details

Version: 1.0-10
Check: installed package size
Result: NOTE
     installed size is 5.1Mb
     sub-directories of 1Mb or more:
     R 1.5Mb
     doc 3.0Mb
Flavor: r-patched-solaris-x86