CRAN Package Check Results for Package adegraphics

Last updated on 2019-01-16 15:48:21 CET.

Flavor Version Tinstall Tcheck Ttotal Status Flags
r-devel-linux-x86_64-debian-clang 1.0-15 26.71 317.33 344.04 OK
r-devel-linux-x86_64-debian-gcc 1.0-15 23.19 237.86 261.05 OK
r-devel-linux-x86_64-fedora-clang 1.0-15 403.77 OK
r-devel-linux-x86_64-fedora-gcc 1.0-15 393.33 OK
r-devel-windows-ix86+x86_64 1.0-15 29.00 291.00 320.00 OK
r-patched-linux-x86_64 1.0-15 27.42 293.53 320.95 OK
r-patched-solaris-x86 1.0-15 520.20 NOTE
r-release-linux-x86_64 1.0-15 26.28 292.99 319.27 OK
r-release-windows-ix86+x86_64 1.0-15 48.00 281.00 329.00 OK
r-release-osx-x86_64 1.0-15 OK
r-oldrel-windows-ix86+x86_64 1.0-15 15.00 342.00 357.00 OK
r-oldrel-osx-x86_64 1.0-15 OK

Check Details

Version: 1.0-15
Check: installed package size
Result: NOTE
     installed size is 5.1Mb
     sub-directories of 1Mb or more:
     R 1.5Mb
     doc 3.0Mb
Flavor: r-patched-solaris-x86