CRAN Package Check Results for Package adegraphics

Last updated on 2018-05-27 09:47:43 CEST.

Flavor Version Tinstall Tcheck Ttotal Status Flags
r-devel-linux-x86_64-debian-clang 1.0-10 25.76 317.20 342.96 OK
r-devel-linux-x86_64-debian-gcc 1.0-10 23.19 238.52 261.71 OK
r-devel-linux-x86_64-fedora-clang 1.0-10 430.95 OK
r-devel-linux-x86_64-fedora-gcc 1.0-10 402.42 OK
r-devel-windows-ix86+x86_64 1.0-10 36.00 336.00 372.00 OK
r-patched-linux-x86_64 1.0-10 25.16 294.79 319.95 OK
r-patched-solaris-x86 1.0-10 497.60 NOTE
r-release-linux-x86_64 1.0-10 26.56 302.75 329.31 OK
r-release-windows-ix86+x86_64 1.0-10 49.00 404.00 453.00 OK
r-release-osx-x86_64 1.0-10 OK
r-oldrel-windows-ix86+x86_64 1.0-10 16.00 342.00 358.00 OK
r-oldrel-osx-x86_64 1.0-10 OK

Check Details

Version: 1.0-10
Check: installed package size
Result: NOTE
     installed size is 5.1Mb
     sub-directories of 1Mb or more:
     R 1.5Mb
     doc 3.0Mb
Flavor: r-patched-solaris-x86