CRAN Package Check Results for Package adegraphics

Last updated on 2018-10-21 17:53:56 CEST.

Flavor Version Tinstall Tcheck Ttotal Status Flags
r-devel-linux-x86_64-debian-clang 1.0-12 24.70 308.15 332.85 OK
r-devel-linux-x86_64-debian-gcc 1.0-12 22.47 237.82 260.29 OK
r-devel-linux-x86_64-fedora-clang 1.0-12 397.05 OK
r-devel-linux-x86_64-fedora-gcc 1.0-12 388.73 OK
r-devel-windows-ix86+x86_64 1.0-12 45.00 394.00 439.00 OK
r-patched-linux-x86_64 1.0-12 23.92 293.05 316.97 OK
r-patched-solaris-x86 1.0-12 494.90 NOTE
r-release-linux-x86_64 1.0-12 22.98 292.99 315.97 OK
r-release-windows-ix86+x86_64 1.0-12 46.00 404.00 450.00 OK
r-release-osx-x86_64 1.0-12 OK
r-oldrel-windows-ix86+x86_64 1.0-12 11.00 456.00 467.00 OK
r-oldrel-osx-x86_64 1.0-12 OK

Check Details

Version: 1.0-12
Check: installed package size
Result: NOTE
     installed size is 5.1Mb
     sub-directories of 1Mb or more:
     R 1.5Mb
     doc 3.0Mb
Flavor: r-patched-solaris-x86