CRAN Package Check Results for Package adehabitatLT

Last updated on 2020-01-27 03:46:17 CET.

Flavor Version Tinstall Tcheck Ttotal Status Flags
r-devel-linux-x86_64-debian-clang 0.3.25 15.68 116.24 131.92 OK
r-devel-linux-x86_64-debian-gcc 0.3.25 12.17 94.99 107.16 OK
r-devel-linux-x86_64-fedora-clang 0.3.25 158.73 OK
r-devel-linux-x86_64-fedora-gcc 0.3.25 164.01 OK
r-devel-windows-ix86+x86_64 0.3.25 43.00 201.00 244.00 OK
r-devel-windows-ix86+x86_64-gcc8 0.3.24 36.00 209.00 245.00 OK
r-patched-linux-x86_64 0.3.25 11.78 112.09 123.87 OK
r-patched-solaris-x86 0.3.25 253.90 OK
r-release-linux-x86_64 0.3.25 11.48 111.43 122.91 OK
r-release-windows-ix86+x86_64 0.3.25 25.00 150.00 175.00 OK
r-release-osx-x86_64 0.3.25 NOTE
r-oldrel-windows-ix86+x86_64 0.3.25 35.00 184.00 219.00 OK
r-oldrel-osx-x86_64 0.3.25 NOTE

Check Details

Version: 0.3.25
Check: dependencies in R code
Result: NOTE
    No protocol specified
    No protocol specified
    No protocol specified
    No protocol specified
Flavors: r-release-osx-x86_64, r-oldrel-osx-x86_64