CRAN Package Check Results for Package adehabitatMA

Last updated on 2022-09-24 18:02:16 CEST.

Flavor Version Tinstall Tcheck Ttotal Status Flags
r-devel-linux-x86_64-debian-clang 0.3.14 10.47 62.84 73.31 OK
r-devel-linux-x86_64-debian-gcc 0.3.14 7.18 47.93 55.11 OK
r-devel-linux-x86_64-fedora-clang 0.3.14 115.38 WARN
r-devel-linux-x86_64-fedora-gcc 0.3.14 99.75 NOTE
r-devel-windows-x86_64 0.3.14 36.00 112.00 148.00 OK
r-patched-linux-x86_64 0.3.14 7.90 60.70 68.60 OK
r-release-linux-x86_64 0.3.14 8.13 58.92 67.05 OK
r-release-macos-arm64 0.3.14 38.00 NOTE
r-release-macos-x86_64 0.3.14 47.00 NOTE
r-release-windows-x86_64 0.3.14 48.00 119.00 167.00 OK
r-oldrel-macos-arm64 0.3.14 48.00 NOTE
r-oldrel-macos-x86_64 0.3.14 62.00 NOTE
r-oldrel-windows-ix86+x86_64 0.3.14 21.00 117.00 138.00 OK

Additional issues

clang15

Check Details

Version: 0.3.14
Check: whether package can be installed
Result: WARN
    Found the following significant warnings:
     tests.c:886:31: warning: invalid UTF-8 in comment [-Winvalid-utf8]
Flavor: r-devel-linux-x86_64-fedora-clang

Version: 0.3.14
Check: dependencies in R code
Result: NOTE
    Namespace in Imports field not imported from: ‘filehash’
     All declared Imports should be used.
Flavors: r-devel-linux-x86_64-fedora-clang, r-devel-linux-x86_64-fedora-gcc, r-release-macos-arm64, r-release-macos-x86_64, r-oldrel-macos-arm64, r-oldrel-macos-x86_64