CRAN Package Check Results for Package adehabitatMA

Last updated on 2020-07-05 14:47:59 CEST.

Flavor Version Tinstall Tcheck Ttotal Status Flags
r-devel-linux-x86_64-debian-clang 0.3.14 9.55 55.46 65.01 OK
r-devel-linux-x86_64-debian-gcc 0.3.14 5.82 42.85 48.67 OK
r-devel-linux-x86_64-fedora-clang 0.3.14 86.02 NOTE
r-devel-linux-x86_64-fedora-gcc 0.3.14 74.53 NOTE
r-devel-windows-ix86+x86_64 0.3.14 24.00 129.00 153.00 OK
r-patched-linux-x86_64 0.3.14 7.63 54.66 62.29 OK
r-patched-solaris-x86 0.3.14 110.40 NOTE
r-release-linux-x86_64 0.3.14 7.29 54.53 61.82 OK
r-release-osx-x86_64 0.3.14 NOTE
r-release-windows-ix86+x86_64 0.3.14 19.00 89.00 108.00 OK
r-oldrel-osx-x86_64 0.3.14 NOTE
r-oldrel-windows-ix86+x86_64 0.3.14 16.00 115.00 131.00 OK

Check Details

Version: 0.3.14
Check: dependencies in R code
Result: NOTE
    Namespace in Imports field not imported from: ‘filehash’
     All declared Imports should be used.
Flavors: r-devel-linux-x86_64-fedora-clang, r-devel-linux-x86_64-fedora-gcc, r-patched-solaris-x86, r-release-osx-x86_64

Version: 0.3.14
Check: dependencies in R code
Result: NOTE
    No protocol specified
    No protocol specified
    No protocol specified
    No protocol specified
    Namespace in Imports field not imported from: ‘filehash’
     All declared Imports should be used.
Flavor: r-oldrel-osx-x86_64