CRAN Package Check Results for Package adehabitatMA

Last updated on 2019-12-08 23:47:15 CET.

Flavor Version Tinstall Tcheck Ttotal Status Flags
r-devel-linux-x86_64-debian-clang 0.3.13 7.93 55.22 63.15 OK
r-devel-linux-x86_64-debian-gcc 0.3.13 6.09 42.10 48.19 OK
r-devel-linux-x86_64-fedora-clang 0.3.13 77.35 NOTE
r-devel-linux-x86_64-fedora-gcc 0.3.13 73.81 NOTE
r-devel-windows-ix86+x86_64 0.3.13 17.00 131.00 148.00 OK
r-devel-windows-ix86+x86_64-gcc8 0.3.13 18.00 89.00 107.00 OK
r-patched-linux-x86_64 0.3.13 5.93 49.00 54.93 OK
r-patched-solaris-x86 0.3.13 100.00 NOTE
r-release-linux-x86_64 0.3.13 5.89 49.36 55.25 OK
r-release-windows-ix86+x86_64 0.3.13 21.00 77.00 98.00 OK
r-release-osx-x86_64 0.3.13 NOTE
r-oldrel-windows-ix86+x86_64 0.3.13 11.00 75.00 86.00 OK
r-oldrel-osx-x86_64 0.3.13 NOTE

Check Details

Version: 0.3.13
Check: dependencies in R code
Result: NOTE
    Namespace in Imports field not imported from: ‘filehash’
     All declared Imports should be used.
Flavors: r-devel-linux-x86_64-fedora-clang, r-devel-linux-x86_64-fedora-gcc, r-patched-solaris-x86, r-release-osx-x86_64, r-oldrel-osx-x86_64