CRAN Package Check Results for Package adiv

Last updated on 2023-09-28 10:56:37 CEST.

Flavor Version Tinstall Tcheck Ttotal Status Flags
r-devel-linux-x86_64-debian-clang 2.2 35.50 335.68 371.18 OK
r-devel-linux-x86_64-debian-gcc 2.2 29.27 241.49 270.76 OK
r-devel-linux-x86_64-fedora-clang 2.2 431.74 OK
r-devel-linux-x86_64-fedora-gcc 2.2 448.96 OK
r-devel-windows-x86_64 2.2 33.00 256.00 289.00 OK
r-patched-linux-x86_64 2.2 27.11 311.87 338.98 OK
r-release-linux-x86_64 2.2 25.34 317.29 342.63 OK
r-release-macos-arm64 2.2 141.00 OK
r-release-macos-x86_64 2.2 228.00 NOTE
r-release-windows-x86_64 2.2 44.00 330.00 374.00 OK
r-oldrel-macos-arm64 2.2 144.00 OK
r-oldrel-macos-x86_64 2.2 167.00 OK
r-oldrel-windows-x86_64 2.2 43.00 318.00 361.00 OK

Check Details

Version: 2.2
Check: re-building of vignette outputs
Result: NOTE
    Error(s) in re-building vignettes:
    --- re-building ‘adivGuide.Rnw’ using Sweave
    
    Attaching package: ‘phylobase’
    
    The following object is masked from ‘package:ape’:
    
     edges
    
    Error: processing vignette 'adivGuide.Rnw' failed with diagnostics:
    Running 'texi2dvi' on 'adivGuide.tex' failed.
    LaTeX errors:
    ! LaTeX Error: File `wasysym.sty' not found.
    
    Type X to quit or <RETURN> to proceed,
    or enter new name. (Default extension: sty)
    
    ! Emergency stop.
    <read *>
    
    l.12 \usepackage
     [all]{xy}^^M
    ! ==> Fatal error occurred, no output PDF file produced!
    --- failed re-building ‘adivGuide.Rnw’
    
    SUMMARY: processing the following file failed:
     ‘adivGuide.Rnw’
    
    Error: Vignette re-building failed.
    Execution halted
Flavor: r-release-macos-x86_64