CRAN Package Check Results for Package adjclust

Last updated on 2018-05-21 05:51:14 CEST.

Flavor Version Tinstall Tcheck Ttotal Status Flags
r-devel-linux-x86_64-debian-clang 0.5.6 5.31 220.84 226.15 OK
r-devel-linux-x86_64-debian-gcc 0.5.6 5.03 187.17 192.20 OK
r-devel-linux-x86_64-fedora-clang 0.5.6 315.92 OK
r-devel-linux-x86_64-fedora-gcc 0.5.6 310.17 OK
r-devel-windows-ix86+x86_64 0.5.6 18.00 347.00 365.00 OK
r-patched-linux-x86_64 0.5.6 5.63 227.18 232.81 OK
r-patched-solaris-x86 0.5.6 521.90 OK
r-release-linux-x86_64 0.5.6 3.87 216.51 220.38 OK
r-release-windows-ix86+x86_64 0.5.6 17.00 409.00 426.00 OK
r-release-osx-x86_64 0.5.6 NOTE
r-oldrel-windows-ix86+x86_64 0.5.6 11.00 337.00 348.00 OK
r-oldrel-osx-x86_64 0.5.6 NOTE

Check Details

Version: 0.5.6
Check: package dependencies
Result: NOTE
    Package suggested but not available for checking: ‘HiTC’
Flavor: r-release-osx-x86_64

Version: 0.5.6
Check: Rd cross-references
Result: NOTE
    Package unavailable to check Rd xrefs: ‘HiTC’
Flavor: r-release-osx-x86_64

Version: 0.5.6
Check: package dependencies
Result: NOTE
    Packages suggested but not available for checking: ‘HiTC’ ‘snpStats’
Flavor: r-oldrel-osx-x86_64

Version: 0.5.6
Check: Rd cross-references
Result: NOTE
    Packages unavailable to check Rd xrefs: ‘HiTC’, ‘snpStats’
Flavor: r-oldrel-osx-x86_64