Last updated on 2022-05-19 12:55:22 CEST.
Flavor | Version | Tinstall | Tcheck | Ttotal | Status | Flags |
---|---|---|---|---|---|---|
r-devel-linux-x86_64-debian-clang | 0.6.4 | 44.99 | 183.68 | 228.67 | OK | |
r-devel-linux-x86_64-debian-gcc | 0.6.4 | 39.23 | 131.84 | 171.07 | OK | |
r-devel-linux-x86_64-fedora-clang | 0.6.4 | 300.57 | OK | |||
r-devel-linux-x86_64-fedora-gcc | 0.6.4 | 282.86 | OK | |||
r-devel-windows-x86_64 | 0.6.4 | 63.00 | 225.00 | 288.00 | OK | |
r-patched-linux-x86_64 | 0.6.4 | 37.81 | 162.96 | 200.77 | OK | |
r-release-linux-x86_64 | 0.6.4 | 46.46 | 165.33 | 211.79 | OK | |
r-release-macos-arm64 | 0.6.4 | 61.00 | NOTE | |||
r-release-macos-x86_64 | 0.6.4 | 91.00 | NOTE | |||
r-release-windows-x86_64 | 0.6.4 | 66.00 | 222.00 | 288.00 | OK | |
r-oldrel-macos-arm64 | 0.6.4 | 75.00 | NOTE | |||
r-oldrel-macos-x86_64 | 0.6.4 | 96.00 | NOTE | |||
r-oldrel-windows-ix86+x86_64 | 0.6.4 | 107.00 | 279.00 | 386.00 | NOTE |
Version: 0.6.4
Check: package dependencies
Result: NOTE
Package suggested but not available for checking: ‘HiTC’
Flavors: r-release-macos-arm64, r-release-macos-x86_64, r-oldrel-macos-x86_64
Version: 0.6.4
Check: installed package size
Result: NOTE
installed size is 5.7Mb
sub-directories of 1Mb or more:
doc 2.7Mb
libs 2.5Mb
Flavors: r-release-macos-arm64, r-release-macos-x86_64, r-oldrel-macos-arm64, r-oldrel-macos-x86_64, r-oldrel-windows-ix86+x86_64