CRAN Package Check Results for Package adjclust

Last updated on 2018-11-17 13:47:19 CET.

Flavor Version Tinstall Tcheck Ttotal Status Flags
r-devel-linux-x86_64-debian-clang 0.5.7 5.91 122.04 127.95 OK
r-devel-linux-x86_64-debian-gcc 0.5.7 5.43 97.02 102.45 OK
r-devel-linux-x86_64-fedora-clang 0.5.7 172.09 OK
r-devel-linux-x86_64-fedora-gcc 0.5.7 149.81 OK
r-devel-windows-ix86+x86_64 0.5.7 16.00 217.00 233.00 OK
r-patched-linux-x86_64 0.5.7 5.92 118.48 124.40 OK
r-patched-solaris-x86 0.5.7 234.70 OK
r-release-linux-x86_64 0.5.7 4.58 117.35 121.93 OK
r-release-windows-ix86+x86_64 0.5.7 18.00 227.00 245.00 OK
r-release-osx-x86_64 0.5.7 NOTE
r-oldrel-windows-ix86+x86_64 0.5.7 17.00 254.00 271.00 OK
r-oldrel-osx-x86_64 0.5.7 OK

Check Details

Version: 0.5.7
Check: package dependencies
Result: NOTE
    Package suggested but not available for checking: ‘HiTC’
Flavor: r-release-osx-x86_64

Version: 0.5.7
Check: Rd cross-references
Result: NOTE
    Package unavailable to check Rd xrefs: ‘HiTC’
Flavor: r-release-osx-x86_64