CRAN Package Check Results for Package adjclust

Last updated on 2019-02-17 21:47:23 CET.

Flavor Version Tinstall Tcheck Ttotal Status Flags
r-devel-linux-x86_64-debian-clang 0.5.7 6.51 126.70 133.21 OK
r-devel-linux-x86_64-debian-gcc 0.5.7 5.44 101.16 106.60 OK
r-devel-linux-x86_64-fedora-clang 0.5.7 168.16 OK
r-devel-linux-x86_64-fedora-gcc 0.5.7 160.06 OK
r-devel-windows-ix86+x86_64 0.5.7 17.00 160.00 177.00 OK
r-patched-linux-x86_64 0.5.7 5.73 116.64 122.37 OK
r-patched-solaris-x86 0.5.7 238.10 OK
r-release-linux-x86_64 0.5.7 OK
r-release-windows-ix86+x86_64 0.5.7 12.00 155.00 167.00 OK
r-release-osx-x86_64 0.5.7 NOTE
r-oldrel-windows-ix86+x86_64 0.5.7 18.00 220.00 238.00 OK
r-oldrel-osx-x86_64 0.5.7 OK

Check Details

Version: 0.5.7
Check: package dependencies
Result: NOTE
    Package suggested but not available for checking: ‘HiTC’
Flavor: r-release-osx-x86_64

Version: 0.5.7
Check: Rd cross-references
Result: NOTE
    Package unavailable to check Rd xrefs: ‘HiTC’
Flavor: r-release-osx-x86_64