CRAN Package Check Results for Package adjclust

Last updated on 2018-08-21 12:50:18 CEST.

Flavor Version Tinstall Tcheck Ttotal Status Flags
r-devel-linux-x86_64-debian-clang 0.5.6 6.98 245.93 252.91 OK
r-devel-linux-x86_64-debian-gcc 0.5.6 4.66 192.61 197.27 OK
r-devel-linux-x86_64-fedora-clang 0.5.6 307.59 OK
r-devel-linux-x86_64-fedora-gcc 0.5.6 303.67 OK
r-devel-windows-ix86+x86_64 0.5.6 18.00 352.00 370.00 OK
r-patched-linux-x86_64 0.5.6 5.03 221.19 226.22 OK
r-patched-solaris-x86 0.5.6 515.90 OK
r-release-linux-x86_64 0.5.6 5.91 218.62 224.53 OK
r-release-windows-ix86+x86_64 0.5.6 16.00 320.00 336.00 OK
r-release-osx-x86_64 0.5.6 NOTE
r-oldrel-windows-ix86+x86_64 0.5.6 12.00 397.00 409.00 OK
r-oldrel-osx-x86_64 0.5.6 NOTE

Check Details

Version: 0.5.6
Check: package dependencies
Result: NOTE
    Package suggested but not available for checking: ‘HiTC’
Flavor: r-release-osx-x86_64

Version: 0.5.6
Check: Rd cross-references
Result: NOTE
    Package unavailable to check Rd xrefs: ‘HiTC’
Flavor: r-release-osx-x86_64

Version: 0.5.6
Check: package dependencies
Result: NOTE
    Packages suggested but not available for checking: ‘HiTC’ ‘snpStats’
Flavor: r-oldrel-osx-x86_64

Version: 0.5.6
Check: Rd cross-references
Result: NOTE
    Packages unavailable to check Rd xrefs: ‘HiTC’, ‘snpStats’
Flavor: r-oldrel-osx-x86_64