CRAN Package Check Results for Package adjclust

Last updated on 2018-02-24 00:47:26 CET.

Flavor Version Tinstall Tcheck Ttotal Status Flags
r-devel-linux-x86_64-debian-clang 0.5.6 5.51 221.88 227.39 OK
r-devel-linux-x86_64-debian-gcc 0.5.6 4.68 184.56 189.24 OK
r-devel-windows-ix86+x86_64 0.5.6 17.00 419.00 436.00 OK
r-patched-linux-x86_64 0.5.6 4.06 236.88 240.94 OK
r-patched-solaris-x86 0.5.6 589.70 OK
r-release-linux-x86_64 0.5.6 4.29 239.67 243.96 OK
r-release-windows-ix86+x86_64 0.5.6 10.00 463.00 473.00 OK
r-release-osx-x86_64 0.5.6 NOTE
r-oldrel-windows-ix86+x86_64 0.5.6 11.00 371.00 382.00 OK
r-oldrel-osx-x86_64 0.5.2 NOTE

Check Details

Version: 0.5.6
Check: package dependencies
Result: NOTE
    Packages suggested but not available for checking: ‘HiTC’ ‘snpStats’
Flavor: r-release-osx-x86_64

Version: 0.5.6
Check: Rd cross-references
Result: NOTE
    Packages unavailable to check Rd xrefs: ‘HiTC’, ‘snpStats’
Flavor: r-release-osx-x86_64

Version: 0.5.2
Check: dependencies in R code
Result: NOTE
    Namespace in Imports field not imported from: ‘Matrix’
     All declared Imports should be used.
Flavor: r-oldrel-osx-x86_64