CRAN Package Check Results for Package adklakedata

Last updated on 2022-01-17 00:48:27 CET.

Flavor Version Tinstall Tcheck Ttotal Status Flags
r-devel-linux-x86_64-debian-clang 0.6.1 2.28 33.85 36.13 NOTE
r-devel-linux-x86_64-debian-gcc 0.6.1 1.69 29.32 31.01 NOTE
r-devel-linux-x86_64-fedora-clang 0.6.1 44.17 NOTE
r-devel-linux-x86_64-fedora-gcc 0.6.1 32.85 NOTE
r-devel-windows-x86_64-new-UL 0.6.1 66.00 53.00 119.00 NOTE
r-devel-windows-x86_64-new-TK 0.6.1 NOTE
r-patched-linux-x86_64 0.6.1 2.02 33.33 35.35 NOTE
r-release-linux-x86_64 0.6.1 NOTE
r-release-macos-arm64 0.6.1 NOTE
r-release-macos-x86_64 0.6.1 NOTE
r-release-windows-ix86+x86_64 0.6.1 6.00 47.00 53.00 NOTE
r-oldrel-macos-x86_64 0.6.1 OK
r-oldrel-windows-ix86+x86_64 0.6.1 6.00 45.00 51.00 OK

Check Details

Version: 0.6.1
Check: LazyData
Result: NOTE
     'LazyData' is specified without a 'data' directory
Flavors: r-devel-linux-x86_64-debian-clang, r-devel-linux-x86_64-debian-gcc, r-devel-linux-x86_64-fedora-clang, r-devel-linux-x86_64-fedora-gcc, r-devel-windows-x86_64-new-UL, r-devel-windows-x86_64-new-TK, r-patched-linux-x86_64, r-release-linux-x86_64, r-release-macos-arm64, r-release-macos-x86_64, r-release-windows-ix86+x86_64