CRAN Package Check Results for Package admixturegraph

Last updated on 2019-03-24 04:46:33 CET.

Flavor Version Tinstall Tcheck Ttotal Status Flags
r-devel-linux-x86_64-debian-clang 1.0.2 24.78 203.35 228.13 OK
r-devel-linux-x86_64-debian-gcc 1.0.2 20.56 150.53 171.09 OK
r-devel-linux-x86_64-fedora-clang 1.0.2 267.90 OK
r-devel-linux-x86_64-fedora-gcc 1.0.2 257.05 OK
r-devel-windows-ix86+x86_64 1.0.2 46.00 261.00 307.00 OK
r-patched-linux-x86_64 1.0.2 20.01 251.81 271.82 OK
r-patched-solaris-x86 1.0.2 554.00 OK
r-release-linux-x86_64 1.0.2 0.77 3.16 3.93 ERROR
r-release-windows-ix86+x86_64 1.0.2 31.00 268.00 299.00 OK
r-release-osx-x86_64 1.0.2 OK
r-oldrel-windows-ix86+x86_64 1.0.2 13.00 282.00 295.00 OK
r-oldrel-osx-x86_64 1.0.2 OK

Check Details

Version: 1.0.2
Check: whether package can be installed
Result: ERROR
    Installation failed.
Flavor: r-release-linux-x86_64