CRAN Package Check Results for Package aemo

Last updated on 2018-02-17 21:49:10 CET.

Flavor Version Tinstall Tcheck Ttotal Status Flags
r-devel-linux-x86_64-debian-clang 0.2.0 0.71 19.14 19.85 OK
r-devel-linux-x86_64-debian-gcc 0.2.0 0.81 15.17 15.98 OK
r-devel-linux-x86_64-fedora-clang 0.2.0 23.53 OK
r-devel-linux-x86_64-fedora-gcc 0.2.0 22.62 OK
r-devel-windows-ix86+x86_64 0.2.0 3.00 41.00 44.00 ERROR
r-patched-linux-x86_64 0.2.0 0.69 19.28 19.97 OK
r-patched-solaris-x86 0.2.0 33.00 OK
r-release-linux-x86_64 0.2.0 0.93 19.26 20.19 OK
r-release-windows-ix86+x86_64 0.2.0 4.00 37.00 41.00 OK
r-release-osx-x86_64 0.2.0 OK
r-oldrel-windows-ix86+x86_64 0.2.0 2.00 42.00 44.00 OK
r-oldrel-osx-x86_64 0.2.0 OK

Check Details

Version: 0.2.0
Check: tests
Result: ERROR
     Running 'testthat.R' [11s]
    Running the tests in 'tests/testthat.R' failed.
    Last 13 lines of output:
     1: expect_equal(GET(web_url)$status, 200) at testthat/test-aemo.R:33
     2: quasi_label(enquo(object), label)
     3: eval_bare(get_expr(quo), get_env(quo))
     4: GET(web_url)
     5: request_perform(req, hu$handle$handle)
     6: request_fetch(req$output, req$url, handle)
     7: request_fetch.write_memory(req$output, req$url, handle)
     8: curl::curl_fetch_memory(url, handle = handle)
    
     == testthat results ===========================================================
     OK: 4 SKIPPED: 0 FAILED: 1
     1. Error: AEMO data URLs still correct (@test-aemo.R#33)
    
     Error: testthat unit tests failed
     Execution halted
Flavor: r-devel-windows-ix86+x86_64