CRAN Package Check Results for Package aemo

Last updated on 2018-05-23 16:47:45 CEST.

Flavor Version Tinstall Tcheck Ttotal Status Flags
r-devel-linux-x86_64-debian-clang 0.2.0 0.81 20.26 21.07 OK
r-devel-linux-x86_64-debian-gcc 0.2.0 0.39 1.35 1.74 ERROR
r-devel-linux-x86_64-fedora-clang 0.2.0 25.53 OK
r-devel-linux-x86_64-fedora-gcc 0.2.0 25.09 OK
r-devel-windows-ix86+x86_64 0.2.0 4.00 45.00 49.00 OK
r-patched-linux-x86_64 0.2.0 1.08 19.83 20.91 OK
r-patched-solaris-x86 0.2.0 38.90 OK
r-release-linux-x86_64 0.2.0 1.12 19.09 20.21 OK
r-release-windows-ix86+x86_64 0.2.0 4.00 43.00 47.00 OK
r-release-osx-x86_64 0.2.0 OK
r-oldrel-windows-ix86+x86_64 0.2.0 3.00 44.00 47.00 OK
r-oldrel-osx-x86_64 0.2.0 OK

Check Details

Version: 0.2.0
Check: package dependencies
Result: ERROR
    Package required but not available: ‘dplyr’
    
    See section ‘The DESCRIPTION file’ in the ‘Writing R Extensions’
    manual.
Flavor: r-devel-linux-x86_64-debian-gcc