CRAN Package Check Results for Package afex

Last updated on 2019-02-17 21:47:24 CET.

Flavor Version Tinstall Tcheck Ttotal Status Flags
r-devel-linux-x86_64-debian-clang 0.22-1 8.78 347.35 356.13 WARN
r-devel-linux-x86_64-debian-gcc 0.22-1 8.08 260.58 268.66 WARN
r-devel-linux-x86_64-fedora-clang 0.22-1 420.49 WARN
r-devel-linux-x86_64-fedora-gcc 0.22-1 402.52 WARN
r-devel-windows-ix86+x86_64 0.22-1 29.00 345.00 374.00 OK
r-patched-linux-x86_64 0.22-1 10.55 315.18 325.73 WARN
r-patched-solaris-x86 0.22-1 766.40 WARN
r-release-linux-x86_64 0.22-1 WARN
r-release-windows-ix86+x86_64 0.22-1 23.00 331.00 354.00 OK
r-release-osx-x86_64 0.22-1 OK
r-oldrel-windows-ix86+x86_64 0.22-1 16.00 430.00 446.00 OK
r-oldrel-osx-x86_64 0.22-1 OK

Check Details

Version: 0.22-1
Check: Rd cross-references
Result: WARN
    Unknown package ‘ascii’ in Rd xrefs
Flavors: r-devel-linux-x86_64-debian-clang, r-devel-linux-x86_64-debian-gcc, r-devel-linux-x86_64-fedora-clang, r-devel-linux-x86_64-fedora-gcc, r-patched-linux-x86_64, r-patched-solaris-x86, r-release-linux-x86_64