Last updated on 2022-06-30 03:53:16 CEST.
Flavor | Version | Tinstall | Tcheck | Ttotal | Status | Flags |
---|---|---|---|---|---|---|
r-devel-linux-x86_64-debian-clang | 0.0.1 | 8.46 | 75.64 | 84.10 | OK | |
r-devel-linux-x86_64-debian-gcc | 0.0.1 | 6.77 | 59.59 | 66.36 | OK | |
r-devel-linux-x86_64-fedora-clang | 0.0.1 | 113.38 | NOTE | |||
r-devel-linux-x86_64-fedora-gcc | 0.0.1 | 110.47 | NOTE | |||
r-devel-windows-x86_64 | 0.0.1 | 19.00 | 106.00 | 125.00 | OK | |
r-patched-linux-x86_64 | 0.0.1 | 8.40 | 73.26 | 81.66 | OK | |
r-release-linux-x86_64 | 0.0.1 | 7.25 | 75.50 | 82.75 | OK | |
r-release-macos-arm64 | 0.0.1 | 32.00 | NOTE | |||
r-release-macos-x86_64 | 0.0.1 | 47.00 | NOTE | |||
r-release-windows-x86_64 | 0.0.1 | 39.00 | 104.00 | 143.00 | OK | |
r-oldrel-macos-arm64 | 0.0.1 | 44.00 | NOTE | |||
r-oldrel-macos-x86_64 | 0.0.1 | 57.00 | NOTE | |||
r-oldrel-windows-ix86+x86_64 | 0.0.1 | 18.00 | 101.00 | 119.00 | OK |
Version: 0.0.1
Check: dependencies in R code
Result: NOTE
Namespaces in Imports field not imported from:
‘DBI’ ‘assertthat’ ‘tibble’
All declared Imports should be used.
Flavors: r-devel-linux-x86_64-fedora-clang, r-devel-linux-x86_64-fedora-gcc, r-release-macos-arm64, r-release-macos-x86_64, r-oldrel-macos-arm64, r-oldrel-macos-x86_64