CRAN Package Check Results for Package afpt

Last updated on 2018-02-25 03:54:43 CET.

Flavor Version Tinstall Tcheck Ttotal Status Flags
r-devel-linux-x86_64-debian-clang 1.0.0 2.38 76.67 79.05 OK
r-devel-linux-x86_64-debian-gcc 1.0.0 1.95 56.31 58.26 OK
r-devel-linux-x86_64-fedora-clang 1.0.0 90.44 OK
r-devel-linux-x86_64-fedora-gcc 1.0.0 89.66 OK
r-devel-windows-ix86+x86_64 1.0.0 7.00 108.00 115.00 OK
r-patched-linux-x86_64 1.0.0 0.95 80.89 81.84 OK
r-patched-solaris-x86 1.0.0 100.40 OK
r-release-linux-x86_64 1.0.0 1.09 80.49 81.58 OK
r-release-windows-ix86+x86_64 1.0.0 3.00 121.00 124.00 OK
r-release-osx-x86_64 1.0.0 OK
r-oldrel-windows-ix86+x86_64 1.0.0 3.00 86.00 89.00 NOTE
r-oldrel-osx-x86_64 1.0.0 NOTE

Check Details

Version: 1.0.0
Check: DESCRIPTION meta-information
Result: NOTE
    Authors@R field gives persons with no valid roles:
     Anders Hedenström [fnd]
Flavors: r-oldrel-windows-ix86+x86_64, r-oldrel-osx-x86_64